000
CDUS44 KBMX 272115
CLIMGM


CLIMATE REPORT
NATIONAL WEATHER SERVICE BIRMINGHAM, AL
415 PM CDT SUN MAY 27 2018


...................................

...THE MONTGOMERY CLIMATE SUMMARY FOR MAY 27 2018...
VALID TODAY AS OF 0400 PM LOCAL TIME.

CLIMATE NORMAL PERIOD 1981 TO 2010
CLIMATE RECORD PERIOD 1872 TO 2018


WEATHER ITEM   OBSERVED TIME   RECORD YEAR NORMAL DEPARTURE LAST
                VALUE   (LST)  VALUE       VALUE  FROM      YEAR
                                                  NORMAL
..................................................................
TEMPERATURE (F)
 TODAY
  MAXIMUM         88    113 PM  99    1916  87      1       89
  MINIMUM         70    441 AM  44    1961  64      6       62
  AVERAGE         79                        75      4       76

PRECIPITATION (IN)
  TODAY            0.00          2.39 1885   0.10  -0.10     0.00
  MONTH TO DATE    1.81                      3.09  -1.28    12.28
  SINCE MAR 1      8.95                     13.06  -4.11    18.76
  SINCE JAN 1     17.94                     22.99  -5.05    33.46

DEGREE DAYS
 COOLING
  TODAY           14                        10      4       11
  MONTH TO DATE  301                       193    108      213
  SINCE MAR 1    366                       288     78      482
  SINCE JAN 1    431                       294    137      528
..................................................................


WIND (MPH)
  HIGHEST WIND SPEED    17   HIGHEST WIND DIRECTION     E (70)
  HIGHEST GUST SPEED    23   HIGHEST GUST DIRECTION     E (80)
  AVERAGE WIND SPEED     7.1


SKY COVER
  AVERAGE SKY COVER 0.1


WEATHER CONDITIONS
 THE FOLLOWING WEATHER WAS RECORDED TODAY.
  NO SIGNIFICANT WEATHER WAS OBSERVED.


RELATIVE HUMIDITY (PERCENT)
 HIGHEST   100           300 AM
 LOWEST     53           200 PM
 AVERAGE    77

..........................................................


THE MONTGOMERY CLIMATE NORMALS FOR TOMORROW
                         NORMAL    RECORD    YEAR
 MAXIMUM TEMPERATURE (F)   87        97      1916
 MINIMUM TEMPERATURE (F)   64        43      1961


SUNRISE AND SUNSET
MAY 27 2018...........SUNRISE   541 AM CDT   SUNSET   745 PM CDT
MAY 28 2018...........SUNRISE   541 AM CDT   SUNSET   745 PM CDT


-  INDICATES NEGATIVE NUMBERS.
R  INDICATES RECORD WAS SET OR TIED.
MM INDICATES DATA IS MISSING.
T  INDICATES TRACE AMOUNT.




$$
