000
CDUS43 KIND 250543
CLIMIE


CLIMATE REPORT
NATIONAL WEATHER SERVICE INDIANAPOLIS IN
142 AM EDT WED APR 25 2018


...................................

...THE MUNCIE IN CLIMATE SUMMARY FOR APRIL 24 2018...

CLIMATE NORMAL PERIOD 1981 TO 2010
CLIMATE RECORD PERIOD 9999 TO 9999


WEATHER ITEM   OBSERVED TIME   NORMAL DEPARTURE LAST
                VALUE   (LST)  VALUE  FROM      YEAR
                                      NORMAL
......................................................
TEMPERATURE (F)
 YESTERDAY
  MAXIMUM         58    254 PM  65     -7       78
  MINIMUM         52    744 AM  44      8       39
  AVERAGE         55            55      0       59

PRECIPITATION (IN)
  YESTERDAY        0.11          0.13  -0.02     0.00
  MONTH TO DATE    3.88          2.94   0.94     1.98
  SINCE MAR 1      7.71          5.89   1.82     6.82
  SINCE JAN 1     13.10         10.43   2.67    12.53

DEGREE DAYS
 HEATING
  YESTERDAY       10            11     -1        6
  MONTH TO DATE  486           362    124      204
  SINCE MAR 1   1315          1149    166      890
  SINCE JUL 1   5265          5532   -267     4178

 COOLING
  YESTERDAY        0             1     -1        0
  MONTH TO DATE    9             7      2       22
  SINCE MAR 1      9             8      1       24
  SINCE JAN 1     13             8      5       24
......................................................


WIND (MPH)
  HIGHEST WIND SPEED    15   HIGHEST WIND DIRECTION     E (100)
  HIGHEST GUST SPEED    19   HIGHEST GUST DIRECTION    SE (120)
  AVERAGE WIND SPEED     8.6


SKY COVER
  AVERAGE SKY COVER 1.0


WEATHER CONDITIONS
 THE FOLLOWING WEATHER WAS RECORDED YESTERDAY.
  LIGHT RAIN
  FOG


RELATIVE HUMIDITY (PERCENT)
 HIGHEST    93          1200 PM
 LOWEST     83          1200 AM
 AVERAGE    88

..........................................................


THE MUNCIE IN CLIMATE NORMALS FOR TODAY
                         NORMAL
 MAXIMUM TEMPERATURE (F)   65
 MINIMUM TEMPERATURE (F)   45


SUNRISE AND SUNSET
APRIL 25 2018.........SUNRISE   649 AM EDT   SUNSET   831 PM EDT
APRIL 26 2018.........SUNRISE   648 AM EDT   SUNSET   832 PM EDT


-  INDICATES NEGATIVE NUMBERS.
R  INDICATES RECORD WAS SET OR TIED.
MM INDICATES DATA IS MISSING.
T  INDICATES TRACE AMOUNT.




$$
