000
CDUS44 KSHV 270751
CLIMLU


CLIMATE REPORT
NATIONAL WEATHER SERVICE SHREVEPORT, LA
245 AM CDT FRI APR 27 2018


...................................

...THE MONROE CLIMATE SUMMARY FOR APRIL 26 2018...

CLIMATE NORMAL PERIOD 1981 TO 2010
CLIMATE RECORD PERIOD 1893 TO 2018


WEATHER ITEM   OBSERVED TIME   RECORD YEAR NORMAL DEPARTURE LAST
                VALUE   (LST)  VALUE       VALUE  FROM      YEAR
                                                  NORMAL
..................................................................
TEMPERATURE (F)
 YESTERDAY
  MAXIMUM         68    358 PM  91    1989  81    -13       85
  MINIMUM         54    722 AM  38    1910  57     -3       57
  AVERAGE         61                        69     -8       71

PRECIPITATION (IN)
  YESTERDAY        0.01          3.72 2011   0.15  -0.14     1.35
  MONTH TO DATE    3.97                      3.91   0.06     4.41
  SINCE DEC 1     26.46                     23.56   2.90    22.93
  SINCE JAN 1     22.94                     18.27   4.67    18.10

SNOWFALL (IN)
  YESTERDAY        0.0
  MONTH TO DATE    0.0
  SINCE MAR 1      0.0
  SINCE JUL 1      1.5
  SNOW DEPTH       0

DEGREE DAYS
 HEATING
  YESTERDAY        4                         1      3        0
  MONTH TO DATE  134                        77     57       24
  SINCE MAR 1    306                       327    -21      189
  SINCE JUL 1   2087                      2221   -134     1385

 COOLING
  YESTERDAY        0                         5     -5        6
  MONTH TO DATE   40                        82    -42      122
  SINCE MAR 1     91                       114    -23      213
  SINCE JAN 1    128                       125      3      272
..................................................................


WIND (MPH)
  HIGHEST WIND SPEED    23   HIGHEST WIND DIRECTION     W (280)
  HIGHEST GUST SPEED    31   HIGHEST GUST DIRECTION     W (280)
  AVERAGE WIND SPEED     8.1


SKY COVER
  POSSIBLE SUNSHINE  MM
  AVERAGE SKY COVER 0.8


WEATHER CONDITIONS
 THE FOLLOWING WEATHER WAS RECORDED YESTERDAY.
  LIGHT RAIN


RELATIVE HUMIDITY (PERCENT)
 HIGHEST   100          1200 AM
 LOWEST     58           200 PM
 AVERAGE    79

..........................................................


THE MONROE CLIMATE NORMALS FOR TODAY
                         NORMAL    RECORD    YEAR
 MAXIMUM TEMPERATURE (F)   81        95      1987
 MINIMUM TEMPERATURE (F)   57        41      1910


SUNRISE AND SUNSET
APRIL 27 2018.........SUNRISE   625 AM CDT   SUNSET   747 PM CDT
APRIL 28 2018.........SUNRISE   624 AM CDT   SUNSET   747 PM CDT


-  INDICATES NEGATIVE NUMBERS.
R  INDICATES RECORD WAS SET OR TIED.
MM INDICATES DATA IS MISSING.
T  INDICATES TRACE AMOUNT.




$$
