874
CDUS46 KPQR 221141
CLIMMV


CLIMATE REPORT
NATIONAL WEATHER SERVICE PORTLAND OREGON
440 AM PDT SUN APR 22 2018


...................................

...THE MCMINNVILLE OR CLIMATE SUMMARY FOR APRIL 21 2018...

CLIMATE NORMAL PERIOD 1981 TO 2010
CLIMATE RECORD PERIOD 1894 TO 2018


WEATHER ITEM   OBSERVED TIME   RECORD YEAR NORMAL DEPARTURE LAST
                VALUE   (LST)  VALUE       VALUE  FROM      YEAR
                                                  NORMAL
..................................................................
TEMPERATURE (F)
 YESTERDAY
  MAXIMUM         61    442 PM  81    1956  62     -1       70
  MINIMUM         41    541 AM  27    1970  40      1       37
  AVERAGE         51                        51      0       54

PRECIPITATION (IN)
  YESTERDAY        T             0.61 2016   0.09  -0.09     0.00
  MONTH TO DATE    4.63                      2.21   2.42     2.87
  SINCE OCT 1     31.22                     32.81  -1.59    48.98
  SINCE JAN 1     15.68                     16.78  -1.10    25.17

DEGREE DAYS
 HEATING
  YESTERDAY       14                        14      0       11
  MONTH TO DATE  343                       327     16      321
  SINCE JUL 1   3920                      4278   -358     4154

 COOLING
  YESTERDAY        0                         0      0        0
  MONTH TO DATE    0                         0      0        0
  SINCE JAN 1      0                         0      0        0
..................................................................


WIND (MPH)
  HIGHEST WIND SPEED    17   HIGHEST WIND DIRECTION     N (10)
  HIGHEST GUST SPEED    22   HIGHEST GUST DIRECTION     N (10)
  AVERAGE WIND SPEED     5.9


SKY COVER
  POSSIBLE SUNSHINE  MM
  AVERAGE SKY COVER 0.3


WEATHER CONDITIONS
 THE FOLLOWING WEATHER WAS RECORDED YESTERDAY.
  LIGHT RAIN


RELATIVE HUMIDITY (PERCENT)
 HIGHEST   100           400 AM
 LOWEST     37           200 PM
 AVERAGE    69

..........................................................


THE MCMINNVILLE OR CLIMATE NORMALS FOR TODAY
                         NORMAL    RECORD    YEAR
 MAXIMUM TEMPERATURE (F)   62        85      1910
 MINIMUM TEMPERATURE (F)   40        26      1968


SUNRISE AND SUNSET
APRIL 22 2018.........SUNRISE   515 AM PST   SUNSET   707 PM PST
APRIL 23 2018.........SUNRISE   514 AM PST   SUNSET   709 PM PST


-  INDICATES NEGATIVE NUMBERS.
R  INDICATES RECORD WAS SET OR TIED.
MM INDICATES DATA IS MISSING.
T  INDICATES TRACE AMOUNT.




$$
