202
CDUS41 KPHI 240709
CLIMPO


CLIMATE REPORT
NATIONAL WEATHER SERVICE MOUNT HOLLY NJ
309 AM EDT TUE APR 24 2018


...................................

...THE MOUNT POCONO PA CLIMATE SUMMARY FOR APRIL 23 2018...

CLIMATE NORMAL PERIOD 1981 TO 2010
CLIMATE RECORD PERIOD 1901 TO 2018


WEATHER ITEM   OBSERVED TIME   RECORD YEAR NORMAL DEPARTURE LAST
                VALUE   (LST)  VALUE       VALUE  FROM      YEAR
                                                  NORMAL
..................................................................
TEMPERATURE (F)
 YESTERDAY
  MAXIMUM         63    250 PM  82    1960  59      4       64
  MINIMUM         27    456 AM  19    1914  38    -11       33
  AVERAGE         45                        48     -3       49

PRECIPITATION (IN)
  YESTERDAY        0.00          2.10 1921   0.11  -0.11     0.00
  MONTH TO DATE    3.00                      3.23  -0.23     3.56
  SINCE MAR 1      5.47                      7.06  -1.59     7.35
  SINCE JAN 1     15.10                     12.32   2.78    12.31

DEGREE DAYS
 HEATING
  YESTERDAY       20                        17      3       16
  MONTH TO DATE  641                       486    155      378
  SINCE MAR 1   1756                      1461    295     1478
  SINCE JUL 1   6717                      6584    133     6081

 COOLING
  YESTERDAY        0                         0      0        0
  MONTH TO DATE    0                         0      0        3
  SINCE MAR 1      0                         0      0        3
  SINCE JAN 1      0                         0      0        3
..................................................................


WIND (MPH)
  HIGHEST WIND SPEED    15   HIGHEST WIND DIRECTION    SE (140)
  HIGHEST GUST SPEED    21   HIGHEST GUST DIRECTION    SE (120)
  AVERAGE WIND SPEED     5.8


SKY COVER
  POSSIBLE SUNSHINE  MM
  AVERAGE SKY COVER 0.0


WEATHER CONDITIONS
 THE FOLLOWING WEATHER WAS RECORDED YESTERDAY.
  NO SIGNIFICANT WEATHER WAS OBSERVED.


RELATIVE HUMIDITY (PERCENT)
 HIGHEST    78           600 AM
 LOWEST     17           200 PM
 AVERAGE    48

..........................................................


THE MOUNT POCONO PA CLIMATE NORMALS FOR TODAY
                         NORMAL    RECORD    YEAR
 MAXIMUM TEMPERATURE (F)   59        83      1960
 MINIMUM TEMPERATURE (F)   38        17      1914


SUNRISE AND SUNSET
APRIL 24 2018.........SUNRISE   609 AM EDT   SUNSET   751 PM EDT
APRIL 25 2018.........SUNRISE   607 AM EDT   SUNSET   752 PM EDT


-  INDICATES NEGATIVE NUMBERS.
R  INDICATES RECORD WAS SET OR TIED.
MM INDICATES DATA IS MISSING.
T  INDICATES TRACE AMOUNT.




$$
