000
CDUS41 KBTV 210530
CLIMPV


CLIMATE REPORT
NATIONAL WEATHER SERVICE BURLINGTON VT
129 AM EDT SAT APR 21 2018


...................................

...THE MONTPELIER VT CLIMATE SUMMARY FOR APRIL 20 2018...

CLIMATE NORMAL PERIOD 1981 TO 2010
CLIMATE RECORD PERIOD 1948 TO 2018


WEATHER ITEM   OBSERVED TIME   RECORD YEAR NORMAL DEPARTURE LAST
                VALUE   (LST)  VALUE       VALUE  FROM      YEAR
                                                  NORMAL
..................................................................
TEMPERATURE (F)
 YESTERDAY
  MAXIMUM         36    912 PM  80    1987  56    -20       48
  MINIMUM         29    637 AM  18    2001  33     -4       41
  AVERAGE         33                        44    -11       45

PRECIPITATION (IN)
  YESTERDAY        0.01          1.11        0.09  -0.08     0.01
  MONTH TO DATE    3.05                      1.74   1.31     2.46
  SINCE MAR 1      5.54                      4.13   1.41     5.06
  SINCE JAN 1      9.82                      8.62   1.20     8.98

DEGREE DAYS
 HEATING
  YESTERDAY       32                        20     12       20
  MONTH TO DATE  659                       495    164      403
  SINCE MAR 1   1804                      1612    192     1684
  SINCE JUL 1   7459                      7520    -61     6905

 COOLING
  YESTERDAY        0                         0      0        0
  MONTH TO DATE    0                         0      0        1
  SINCE MAR 1      0                         0      0        1
  SINCE JAN 1      0                         0      0        1
..................................................................


WIND (MPH)
  HIGHEST WIND SPEED    23   HIGHEST WIND DIRECTION    NW (310)
  HIGHEST GUST SPEED    32   HIGHEST GUST DIRECTION    NW (320)
  AVERAGE WIND SPEED    12.8


SKY COVER
  AVERAGE SKY COVER 1.0


WEATHER CONDITIONS
 THE FOLLOWING WEATHER WAS RECORDED YESTERDAY.
  LIGHT SNOW
  FOG


RELATIVE HUMIDITY (PERCENT)
 HIGHEST    92          1200 AM
 LOWEST     70           500 PM
 AVERAGE    81

..........................................................


THE MONTPELIER VT CLIMATE NORMALS FOR TODAY
                         NORMAL    RECORD    YEAR
 MAXIMUM TEMPERATURE (F)   56        81      1987
 MINIMUM TEMPERATURE (F)   34        19      1981


SUNRISE AND SUNSET
APRIL 21 2018.........SUNRISE   557 AM EDT   SUNSET   742 PM EDT
APRIL 22 2018.........SUNRISE   555 AM EDT   SUNSET   743 PM EDT


-  INDICATES NEGATIVE NUMBERS.
R  INDICATES RECORD WAS SET OR TIED.
MM INDICATES DATA IS MISSING.
T  INDICATES TRACE AMOUNT.




$$
