000
CDUS41 KLWX 250529
CLIMRB


CLIMATE REPORT
NATIONAL WEATHER SERVICE BALTIMORE MD/WASHINGTON DC
127 AM EDT FRI MAY 25 2018


...................................

...THE MARTINSBURG WV CLIMATE SUMMARY FOR MAY 24 2018...

CLIMATE NORMAL PERIOD 1981 TO 2010
CLIMATE RECORD PERIOD 1926 TO 2018


WEATHER ITEM   OBSERVED TIME   NORMAL DEPARTURE LAST
                VALUE   (LST)  VALUE  FROM      YEAR
                                      NORMAL
......................................................
TEMPERATURE (F)
 YESTERDAY
  MAXIMUM         83    352 PM  75      8       66
  MINIMUM         52    522 AM  52      0       56
  AVERAGE         68            63      5       61

PRECIPITATION (IN)
  YESTERDAY        0.00          0.14  -0.14     0.36
  MONTH TO DATE    5.91          3.18   2.73     5.17
  SINCE MAR 1     11.35         10.04   1.31    10.67
  SINCE JAN 1     17.54         14.82   2.72    15.05

DEGREE DAYS
 HEATING
  YESTERDAY        0             4     -4        4
  MONTH TO DATE   35           147   -112      156
  SINCE MAR 1   1312          1248     64     1040
  SINCE JUL 1   4877          5204   -327     4118

 COOLING
  YESTERDAY        3             2      1        0
  MONTH TO DATE   89            32     57       38
  SINCE MAR 1    105            41     64       93
  SINCE JAN 1    110            41     69       93
......................................................


WIND (MPH)
  HIGHEST WIND SPEED     9   HIGHEST WIND DIRECTION     N (350)
  HIGHEST GUST SPEED    12   HIGHEST GUST DIRECTION     N (20)
  AVERAGE WIND SPEED     2.7


SKY COVER
  POSSIBLE SUNSHINE  MM
  AVERAGE SKY COVER 0.0


WEATHER CONDITIONS
 THE FOLLOWING WEATHER WAS RECORDED YESTERDAY.
  FOG
  HAZE


RELATIVE HUMIDITY (PERCENT)
 HIGHEST   100           100 AM
 LOWEST     31           400 PM
 AVERAGE    66

..........................................................


THE MARTINSBURG WV CLIMATE NORMALS FOR TODAY
                         NORMAL
 MAXIMUM TEMPERATURE (F)   75
 MINIMUM TEMPERATURE (F)   52


SUNRISE AND SUNSET
MAY 25 2018...........SUNRISE   551 AM EDT   SUNSET   828 PM EDT
MAY 26 2018...........SUNRISE   550 AM EDT   SUNSET   828 PM EDT


-  INDICATES NEGATIVE NUMBERS.
R  INDICATES RECORD WAS SET OR TIED.
MM INDICATES DATA IS MISSING.
T  INDICATES TRACE AMOUNT.




$$
