000
CDUS43 KMKX 252127
CLIMSN


CLIMATE REPORT
NATIONAL WEATHER SERVICE IN MILWAUKEE
421 PM CDT WED APR 25 2018


...................................

...THE MADISON WI CLIMATE SUMMARY FOR APRIL 25 2018...
VALID TODAY AS OF 0400 PM LOCAL TIME.

CLIMATE NORMAL PERIOD 1981 TO 2010
CLIMATE RECORD PERIOD 1871 TO 2018


WEATHER ITEM   OBSERVED TIME   RECORD YEAR NORMAL DEPARTURE LAST
                VALUE   (LST)  VALUE       VALUE  FROM      YEAR
                                                  NORMAL
..................................................................
TEMPERATURE (F)
 TODAY
  MAXIMUM         60    259 PM  85    1990  61     -1       74
  MINIMUM         37    510 AM  21    1972  39     -2       54
  AVERAGE         49                        50     -1       64

PRECIPITATION (IN)
  TODAY            0.00          1.94 2009   0.12  -0.12      T
  MONTH TO DATE    2.12                      2.82  -0.70     2.98
  SINCE MAR 1      2.86                      5.02  -2.16     5.81
  SINCE JAN 1      7.04                      7.70  -0.66    10.51

SNOWFALL (IN)
  TODAY            0.0           0.3  1910   0.0    0.0      0.0
  MONTH TO DATE   13.5                       2.4   11.1       T
  SINCE MAR 1     16.9                       9.4    7.5      8.3
  SINCE JUL 1     44.4                      50.5   -6.1     44.0
  SNOW DEPTH       0

DEGREE DAYS
 HEATING
  TODAY           16                        15      1        1
  MONTH TO DATE  742                       489    253      339
  SINCE MAR 1   1735                      1452    283     1288
  SINCE JUL 1   7010                      6938     72     5800

 COOLING
  TODAY            0                         0      0        0
  MONTH TO DATE    0                         0      0        0
  SINCE MAR 1      0                         0      0        0
  SINCE JAN 1      0                         0      0        0
..................................................................


WIND (MPH)
  HIGHEST WIND SPEED    17   HIGHEST WIND DIRECTION     N (20)
  HIGHEST GUST SPEED    24   HIGHEST GUST DIRECTION    NE (30)
  AVERAGE WIND SPEED     9.1


SKY COVER
  POSSIBLE SUNSHINE  MM
  AVERAGE SKY COVER 0.3


WEATHER CONDITIONS
 THE FOLLOWING WEATHER WAS RECORDED TODAY.
  NO SIGNIFICANT WEATHER WAS OBSERVED.


RELATIVE HUMIDITY (PERCENT)
 HIGHEST    76           500 AM
 LOWEST     32           300 PM
 AVERAGE    54

..........................................................


THE MADISON WI CLIMATE NORMALS FOR TOMORROW
                         NORMAL    RECORD    YEAR
 MAXIMUM TEMPERATURE (F)   62        84      1990
                                             1962
 MINIMUM TEMPERATURE (F)   40        25      1980


SUNRISE AND SUNSET
APRIL 25 2018.........SUNRISE   600 AM CDT   SUNSET   752 PM CDT
APRIL 26 2018.........SUNRISE   558 AM CDT   SUNSET   753 PM CDT


-  INDICATES NEGATIVE NUMBERS.
R  INDICATES RECORD WAS SET OR TIED.
MM INDICATES DATA IS MISSING.
T  INDICATES TRACE AMOUNT.




$$
