000
CDUS46 KMTR 250827
CLIOAK


CLIMATE REPORT
NATIONAL WEATHER SERVICE SAN FRANCISCO BAY AREA
127 AM PDT FRI MAY 25 2018


...................................

...THE OAKLAND AIRPORT CLIMATE SUMMARY FOR MAY 24 2018...

CLIMATE NORMAL PERIOD 1981 TO 2010
CLIMATE RECORD PERIOD 1948 TO 2018


WEATHER ITEM   OBSERVED TIME   RECORD YEAR NORMAL DEPARTURE LAST
                VALUE   (LST)  VALUE       VALUE  FROM      YEAR
                                                  NORMAL
..................................................................
TEMPERATURE (F)
 YESTERDAY
  MAXIMUM         61    223 PM  80    1949  68     -7       68
  MINIMUM         53    455 AM  47    2011  52      1       55
                                      1961
  AVERAGE         57                        60     -3       62

PRECIPITATION (IN)
  YESTERDAY        T             0.36 1960   0.01  -0.01     0.00
  MONTH TO DATE    T                         0.58  -0.58      T
  SINCE OCT 1     14.98                     20.25  -5.27    28.45
  SINCE JAN 1     11.76                     12.94  -1.18    20.02

SNOWFALL (IN)
  YESTERDAY        0.0                                       0.0
  MONTH TO DATE    0.0                                       0.0
  SINCE MAR 1      0.0                                       0.0
  SINCE JUL 1      0.0                                       0.0

DEGREE DAYS
 HEATING
  YESTERDAY        8                         6      2        3
  MONTH TO DATE  150                       147      3       67
  SINCE MAR 1    755                       711     44      432
  SINCE JUL 1   2500                      2733   -233     1961

 COOLING
  YESTERDAY        0                         0      0        0
  MONTH TO DATE    0                         0      0       34
  SINCE MAR 1      0                         6     -6       36
  SINCE JAN 1      0                         6     -6       36
..................................................................


WIND (MPH)
  RESULTANT WIND SPEED   8   RESULTANT WIND DIRECTION   W (260)
  HIGHEST WIND SPEED    17   HIGHEST WIND DIRECTION     W (260)
  HIGHEST GUST SPEED    24   HIGHEST GUST DIRECTION     W (250)
  AVERAGE WIND SPEED     9.2


SKY COVER
  POSSIBLE SUNSHINE  MM
  AVERAGE SKY COVER 0.9


WEATHER CONDITIONS
 THE FOLLOWING WEATHER WAS RECORDED YESTERDAY.
  FOG
  HAZE


RELATIVE HUMIDITY (PERCENT)
 HIGHEST    83          1200 AM
 LOWEST     64           200 PM
 AVERAGE    74

..........................................................


THE OAKLAND AIRPORT CLIMATE NORMALS FOR TODAY
                         NORMAL    RECORD    YEAR
 MAXIMUM TEMPERATURE (F)   68        94      1951
 MINIMUM TEMPERATURE (F)   52        45      1955


SUNRISE AND SUNSET
MAY 25 2018...........SUNRISE   552 AM PDT   SUNSET   820 PM PDT
MAY 26 2018...........SUNRISE   551 AM PDT   SUNSET   821 PM PDT


-  INDICATES NEGATIVE NUMBERS.
R  INDICATES RECORD WAS SET OR TIED.
MM INDICATES DATA IS MISSING.
T  INDICATES TRACE AMOUNT.




$$
