000
CDUS43 KOAX 260636
CLIOAX


CLIMATE REPORT
NATIONAL WEATHER SERVICE OMAHA NEBRASKA
135 AM CDT THU APR 26 2018


...................................

...THE VALLEY  NWS, NEBRASKA CLIMATE SUMMARY FOR APRIL 25 2018...

CLIMATE NORMAL PERIOD 1981 TO 2010
CLIMATE RECORD PERIOD 1997 TO 2018


WEATHER ITEM   OBSERVED TIME   NORMAL DEPARTURE LAST
                VALUE   (LST)  VALUE  FROM      YEAR
                                      NORMAL
......................................................
TEMPERATURE (F)
 YESTERDAY
  MAXIMUM         61    314 PM  65     -4       54
  MINIMUM         42    709 AM  44     -2       39
  AVERAGE         52            54     -2       47

PRECIPITATION (IN)
  YESTERDAY        0.13          0.12   0.01     0.05
  MONTH TO DATE    0.58          2.41  -1.83     2.00
  SINCE MAR 1      3.55          4.41  -0.86     4.53
  SINCE JAN 1      5.73          6.12  -0.39     6.24

SNOWFALL (IN)
  YESTERDAY        0.0                           0.0
  MONTH TO DATE    1.5                           0.0
  SINCE JUL 1     24.1                          11.8
  SNOW DEPTH       0

DEGREE DAYS
 HEATING
  YESTERDAY       13            11      2       18
  MONTH TO DATE  587           389    198      246
  SINCE MAR 1   1354          1217    137      926
  SINCE JUL 1   6031          6048    -17     4803

 COOLING
  YESTERDAY        0             0      0        0
  MONTH TO DATE    0             0      0        3
  SINCE MAR 1      0             0      0        3
  SINCE JAN 1      0             0      0        3
......................................................


WIND (MPH)
  HIGHEST WIND SPEED    MM   HIGHEST WIND DIRECTION    MM
  HIGHEST GUST SPEED    23   HIGHEST GUST DIRECTION    MM


SKY COVER
  POSSIBLE SUNSHINE  MM


WEATHER CONDITIONS
 THE FOLLOWING WEATHER WAS RECORDED YESTERDAY.
  LIGHT RAIN


..........................................................


THE VALLEY  NWS, NEBRASKA CLIMATE NORMALS FOR TODAY
                         NORMAL
 MAXIMUM TEMPERATURE (F)   65
 MINIMUM TEMPERATURE (F)   44


SUNRISE AND SUNSET
APRIL 26 2018.........SUNRISE   630 AM CDT   SUNSET   818 PM CDT
APRIL 27 2018.........SUNRISE   628 AM CDT   SUNSET   819 PM CDT


-  INDICATES NEGATIVE NUMBERS.
R  INDICATES RECORD WAS SET OR TIED.
MM INDICATES DATA IS MISSING.
T  INDICATES TRACE AMOUNT.




$$
