000
CDUS43 KGID 260642
CLIODX


CLIMATE REPORT
NATIONAL WEATHER SERVICE HASTINGS NE
142 AM CDT THU APR 26 2018


...................................

...THE ORD NE CLIMATE SUMMARY FOR APRIL 25 2018...

CLIMATE NORMAL PERIOD 1981 TO 2010
CLIMATE RECORD PERIOD 1895 TO 2018


WEATHER ITEM   OBSERVED TIME   NORMAL DEPARTURE LAST
                VALUE   (LST)  VALUE  FROM      YEAR
                                      NORMAL
......................................................
TEMPERATURE (F)
 YESTERDAY
  MAXIMUM         61    434 PM  65     -4       49
  MINIMUM         39    615 AM  39      0       35
  AVERAGE         50            52     -2       42

PRECIPITATION (IN)
  YESTERDAY        0.03          0.10  -0.07     0.36
  MONTH TO DATE    1.21          2.05  -0.84     2.03
  SINCE MAR 1      1.83          3.50  -1.67     3.86
  SINCE JAN 1      3.19          4.31  -1.12     5.80

DEGREE DAYS
 HEATING
  YESTERDAY       15            13      2       23
  MONTH TO DATE  676           427    249      321
  SINCE MAR 1   1516          1273    243     1050
  SINCE JUL 1   6653          6290    363     5561

 COOLING
  YESTERDAY        0             0      0        0
  MONTH TO DATE    0             0      0        0
  SINCE MAR 1      0             0      0        0
  SINCE JAN 1      0             0      0        0
......................................................


WIND (MPH)
  HIGHEST WIND SPEED    14   HIGHEST WIND DIRECTION     N (350)
  HIGHEST GUST SPEED    22   HIGHEST GUST DIRECTION     N (360)
  AVERAGE WIND SPEED     6.6


SKY COVER
  AVERAGE SKY COVER 0.3


WEATHER CONDITIONS
 THE FOLLOWING WEATHER WAS RECORDED YESTERDAY.
  LIGHT RAIN


RELATIVE HUMIDITY (PERCENT)
 HIGHEST    92          1200 AM
 LOWEST     27           500 PM
 AVERAGE    60

..........................................................


THE ORD NE CLIMATE NORMALS FOR TODAY
                         NORMAL
 MAXIMUM TEMPERATURE (F)   65
 MINIMUM TEMPERATURE (F)   40


SUNRISE AND SUNSET
APRIL 26 2018.........SUNRISE   639 AM CDT   SUNSET   828 PM CDT
APRIL 27 2018.........SUNRISE   638 AM CDT   SUNSET   830 PM CDT


-  INDICATES NEGATIVE NUMBERS.
R  INDICATES RECORD WAS SET OR TIED.
MM INDICATES DATA IS MISSING.
T  INDICATES TRACE AMOUNT.




$$
