000
CDUS43 KOAX 190634
CLIOMA


CLIMATE REPORT
NATIONAL WEATHER SERVICE OMAHA NEBRASKA
131 AM CDT THU APR 19 2018


...................................

...THE OMAHA EPPLEY, NEBRASKA CLIMATE SUMMARY FOR APRIL 18 2018...

CLIMATE NORMAL PERIOD 1981 TO 2010
CLIMATE RECORD PERIOD 1871 TO 2018


WEATHER ITEM   OBSERVED TIME   RECORD YEAR NORMAL DEPARTURE LAST
                VALUE   (LST)  VALUE       VALUE  FROM      YEAR
                                                  NORMAL
..................................................................
TEMPERATURE (F)
 YESTERDAY
  MAXIMUM         42    321 PM  93    1994  65    -23       72
  MINIMUM         33    932 AM  22    1953  41     -8       58
  AVERAGE         38                        53    -15       65

PRECIPITATION (IN)
  YESTERDAY        T             1.10 1916   0.09  -0.09     0.32
  MONTH TO DATE    0.10                      1.59  -1.49     0.82
  SINCE MAR 1      2.92                      3.58  -0.66     3.21
  SINCE JAN 1      4.66                      5.15  -0.49     5.11

SNOWFALL (IN)
  YESTERDAY        T                         0.0    0.0      0.0
  MONTH TO DATE    1.5                       0.8    0.7      0.0
  SINCE JUL 1     17.0                      26.2   -9.2     11.4
  SNOW DEPTH       0

DEGREE DAYS
 HEATING
  YESTERDAY       27                        13     14        0
  MONTH TO DATE  488                       285    203      154
  SINCE MAR 1   1244                      1076    168      817
  SINCE JUL 1   5891                      5874     17     4644

 COOLING
  YESTERDAY        0                         1     -1        0
  MONTH TO DATE    0                         2     -2        8
  SINCE MAR 1      0                         3     -3        8
  SINCE JAN 1      0                         3     -3        8
..................................................................


WIND (MPH)
  HIGHEST WIND SPEED    26   HIGHEST WIND DIRECTION    NW (330)
  HIGHEST GUST SPEED    35   HIGHEST GUST DIRECTION     N (350)
  AVERAGE WIND SPEED    16.8


SKY COVER
  POSSIBLE SUNSHINE  MM
  AVERAGE SKY COVER 1.0


WEATHER CONDITIONS
 THE FOLLOWING WEATHER WAS RECORDED YESTERDAY.
  RAIN
  LIGHT RAIN
  SNOW
  LIGHT SNOW
  SLEET
  FOG


RELATIVE HUMIDITY (PERCENT)
 HIGHEST    89           400 AM
 LOWEST     64           300 PM
 AVERAGE    77

..........................................................


THE OMAHA EPPLEY, NEBRASKA CLIMATE NORMALS FOR TODAY
                         NORMAL    RECORD    YEAR
 MAXIMUM TEMPERATURE (F)   65        90      1987
 MINIMUM TEMPERATURE (F)   41        24      1928


SUNRISE AND SUNSET
APRIL 19 2018.........SUNRISE   638 AM CDT   SUNSET   808 PM CDT
APRIL 20 2018.........SUNRISE   636 AM CDT   SUNSET   809 PM CDT


-  INDICATES NEGATIVE NUMBERS.
R  INDICATES RECORD WAS SET OR TIED.
MM INDICATES DATA IS MISSING.
T  INDICATES TRACE AMOUNT.


$$

BCM
