000
CDUS46 KOTX 220833
CLIOMK


CLIMATE REPORT
NATIONAL WEATHER SERVICE SPOKANE, WA
133 AM PDT TUE MAY 22 2018


...................................

...THE OMAK WA AIRPORT CLIMATE SUMMARY FOR MAY 21 2018...

CLIMATE NORMAL PERIOD 1981 TO 2010
CLIMATE RECORD PERIOD 9999 TO 9999


WEATHER ITEM   OBSERVED TIME   RECORD YEAR NORMAL DEPARTURE LAST
                VALUE   (LST)  VALUE       VALUE  FROM      YEAR
                                                  NORMAL
..................................................................
TEMPERATURE (F)
 YESTERDAY
  MAXIMUM         82    425 PM  90    1958  74      8       83
  MINIMUM         52    358 AM  29    2010  46      6       46
  AVERAGE         67                        60      7       65

PRECIPITATION (IN)
  YESTERDAY        0.00                      0.03  -0.03     0.00
  MONTH TO DATE    0.44                      0.85  -0.41     1.45
  SINCE OCT 1     12.38                     11.27   1.11    16.53
  SINCE JAN 1      9.00                      6.38   2.62    10.05

SNOWFALL (IN)
  YESTERDAY       MM

DEGREE DAYS
 HEATING
  YESTERDAY        0                         6     -6        0
  MONTH TO DATE   43                       185   -142      188
  SINCE MAR 1   1247                      1363   -116     1451
  SINCE JUL 1   5968                      6224   -256     6386

 COOLING
  YESTERDAY        2                         1      1        0
  MONTH TO DATE   15                        11      4        4
  SINCE MAR 1     15                        12      3        4
  SINCE JAN 1     15                        12      3        4
..................................................................


WIND (MPH)
  HIGHEST WIND SPEED    16   HIGHEST WIND DIRECTION     N (360)
  HIGHEST GUST SPEED    20   HIGHEST GUST DIRECTION     N (360)
  AVERAGE WIND SPEED     7.3


SKY COVER
  POSSIBLE SUNSHINE  MM
  AVERAGE SKY COVER 0.0


WEATHER CONDITIONS
 THE FOLLOWING WEATHER WAS RECORDED YESTERDAY.
  NO SIGNIFICANT WEATHER WAS OBSERVED.


RELATIVE HUMIDITY (PERCENT)
 HIGHEST    83           100 AM
 LOWEST     28           200 PM
 AVERAGE    56

..........................................................


THE OMAK WA AIRPORT CLIMATE NORMALS FOR TODAY
                         NORMAL    RECORD    YEAR
 MAXIMUM TEMPERATURE (F)   74        92      1958
 MINIMUM TEMPERATURE (F)   46        29      1966


SUNRISE AND SUNSET
MAY 22 2018...........SUNRISE   509 AM PDT   SUNSET   841 PM PDT
MAY 23 2018...........SUNRISE   508 AM PDT   SUNSET   842 PM PDT


-  INDICATES NEGATIVE NUMBERS.
R  INDICATES RECORD WAS SET OR TIED.
MM INDICATES DATA IS MISSING.
T  INDICATES TRACE AMOUNT.




$$
