000
CDUS45 KBOI 240935
CLIONO


CLIMATE REPORT
NATIONAL WEATHER SERVICE BOISE ID
334 AM MDT THU MAY 24 2018


...................................

...THE ONTARIO OR CLIMATE SUMMARY FOR MAY 23 2018...

CLIMATE NORMAL PERIOD 1981 TO 2010
CLIMATE RECORD PERIOD 1948 TO 2018


WEATHER ITEM   OBSERVED TIME   RECORD YEAR NORMAL DEPARTURE LAST
                VALUE   (LST)  VALUE       VALUE  FROM      YEAR
                                                  NORMAL
..................................................................
TEMPERATURE (F)
 YESTERDAY
  MAXIMUM         83    314 PM  95    2001  77      6       89
  MINIMUM         53    547 AM  27    1966  47      6       51
  AVERAGE         68                        62      6       70

PRECIPITATION (IN)
  YESTERDAY        0.04          0.43 1965   0.05  -0.01     0.00
  MONTH TO DATE    0.75                      0.94  -0.19     1.13
  SINCE OCT 1      6.34                      8.14  -1.80    12.03
  SINCE JAN 1      3.63                      4.73  -1.10     8.71

DEGREE DAYS
 HEATING
  YESTERDAY        0                         5     -5        0
  MONTH TO DATE   37                       175   -138      156
  SINCE MAR 1   1010                      1286   -276     1136
  SINCE JUL 1   5187                      5916   -729     6010

 COOLING
  YESTERDAY        3                         2      1        5
  MONTH TO DATE   32                        19     13       14
  SINCE MAR 1     32                        20     12       14
  SINCE JAN 1     32                        20     12       14
..................................................................


WIND (MPH)
  HIGHEST WIND SPEED    22   HIGHEST WIND DIRECTION    SW (240)
  HIGHEST GUST SPEED    27   HIGHEST GUST DIRECTION    SW (240)
  AVERAGE WIND SPEED     3.8


SKY COVER
  AVERAGE SKY COVER 0.4


WEATHER CONDITIONS
 THE FOLLOWING WEATHER WAS RECORDED YESTERDAY.
  THUNDERSTORM
  LIGHT RAIN


RELATIVE HUMIDITY (PERCENT)
 HIGHEST    89           600 AM
 LOWEST     36           300 PM
 AVERAGE    63

..........................................................


THE ONTARIO OR CLIMATE NORMALS FOR TODAY
                         NORMAL    RECORD    YEAR
 MAXIMUM TEMPERATURE (F)   77        98      2001
 MINIMUM TEMPERATURE (F)   47        32      1989


SUNRISE AND SUNSET
MAY 24 2018...........SUNRISE   613 AM MDT   SUNSET   917 PM MDT
MAY 25 2018...........SUNRISE   613 AM MDT   SUNSET   918 PM MDT


-  INDICATES NEGATIVE NUMBERS.
R  INDICATES RECORD WAS SET OR TIED.
MM INDICATES DATA IS MISSING.
T  INDICATES TRACE AMOUNT.




$$
