164
CDAK49 PAFG 270945
CLIOTZ

CLIMATE REPORT
NATIONAL WEATHER SERVICE FAIRBANKS AK
145 AM AKDT SUN MAY 27 2018


...................................

...THE KOTZEBUE AK CLIMATE SUMMARY FOR MAY 26 2018...

CLIMATE NORMAL PERIOD 1981 TO 2010
CLIMATE RECORD PERIOD 1920 TO 2018


WEATHER ITEM   OBSERVED TIME   RECORD YEAR NORMAL DEPARTURE LAST
                VALUE   (LST)  VALUE       VALUE  FROM      YEAR
                                                  NORMAL
..................................................................
TEMPERATURE (F)
 YESTERDAY
  MAXIMUM         36    352 PM  71    2002  42     -6       44
  MINIMUM         32   1159 PM  15    1952  31      1       33
                                      1941
  AVERAGE         34                        37     -3       39

PRECIPITATION (IN)
  YESTERDAY        0.00          0.13 2016   0.01  -0.01      T
  MONTH TO DATE    0.36                      0.35   0.01     0.41
  SINCE MAR 1      2.60                      1.33   1.27     0.49
  SINCE JAN 1      3.98                      2.61   1.37     2.08

SNOWFALL (IN)
  YESTERDAY        0.0           0.4  2001   0.0    0.0       T
  MONTH TO DATE    2.9                       1.2    1.7      0.2
  SINCE MAR 1     28.2                      12.2   16.0      2.4
  SINCE JUL 1    107.6                      59.8   47.8     52.6
  SNOW DEPTH       T

DEGREE DAYS
 HEATING
  YESTERDAY       31                        29      2       26
  MONTH TO DATE  778                       890   -112      792
  SINCE MAR 1   3697                      4423   -726     4173
  SINCE JUL 1  12383                     14668  -2285    13032

 COOLING
  YESTERDAY        0                         0      0        0
  MONTH TO DATE    0                         0      0        0
  SINCE MAR 1      0                         0      0        0
  SINCE JAN 1      0                         0      0        0
..................................................................


WIND (MPH)
  HIGHEST GUST SPEED    19   HIGHEST GUST DIRECTION     W (270)


SKY COVER
  AVERAGE SKY COVER 1.0


WEATHER CONDITIONS
 THE FOLLOWING WEATHER WAS RECORDED YESTERDAY.
  FOG
  FOG W/VISIBILITY <= 1/4 MILE


RELATIVE HUMIDITY (PERCENT)
 HIGHEST   100
 LOWEST     89
 AVERAGE    95

..........................................................


THE KOTZEBUE AK CLIMATE NORMALS FOR TODAY
                         NORMAL    RECORD    YEAR
 MAXIMUM TEMPERATURE (F)   42        63      2005
                                             1972
                                             1947
 MINIMUM TEMPERATURE (F)   31        11      1984


SUNRISE AND SUNSET
MAY 27 2018...........SUNRISE   357 AM AKDT  SUNSET   145 AM AKDT
MAY 28 2018...........SUNRISE   351 AM AKDT  SUNSET   151 AM AKDT

-  INDICATES NEGATIVE NUMBERS.
R  INDICATES RECORD WAS SET OR TIED.
MM INDICATES DATA IS MISSING.
T  INDICATES TRACE AMOUNT.

&&

SNOW DEPTH IS MEASURED AT 3AM AKST/4AM AKDT.

----------------------------
AVAILABLE DAYLIGHT

AMOUNT OF DAYLIGHT TODAY  (HOUR:MIN)........21:41
GAIN/LOSS SINCE YESTERDAY (HOUR:MIN:SEC)....+0:11:47

$$
HFL MAY 18
