414
CDUS43 KDDC 240716
CLIP28


CLIMATE REPORT
NATIONAL WEATHER SERVICE DODGE CITY KS
215 AM CDT TUE APR 24 2018


...................................

...THE MEDICINE LODGE KS CLIMATE SUMMARY FOR APRIL 23 2018...

CLIMATE NORMAL PERIOD 1981 TO 2010
CLIMATE RECORD PERIOD 1893 TO 2018


WEATHER ITEM   OBSERVED TIME   RECORD YEAR NORMAL DEPARTURE LAST
                VALUE   (LST)  VALUE       VALUE  FROM      YEAR
                                                  NORMAL
..................................................................
TEMPERATURE (F)
 YESTERDAY
  MAXIMUM         74    309 PM  99    1989  71      3       68
  MINIMUM         50    633 AM  27    1982  46      4       34
  AVERAGE         62                        59      3       51

PRECIPITATION (IN)
  YESTERDAY        0.00          0.92 1933   0.10  -0.10     0.00
  MONTH TO DATE    0.91                      1.74  -0.83     2.32
  SINCE MAR 1      1.93                      4.00  -2.07     4.55
  SINCE JAN 1      2.31                      5.75  -3.44     8.47

SNOWFALL (IN)
  YESTERDAY        0.0          MM      MM   0.0             0.0
  MONTH TO DATE    0.0                       0.0             0.0
  SINCE MAR 1      0.0                       0.1             0.0
  SINCE JUL 1      T                         8.5             1.4
  SNOW DEPTH       0

DEGREE DAYS
 HEATING
  YESTERDAY        3                         7     -4       14
  MONTH TO DATE  390                       246    144      168
  SINCE MAR 1    881                       814     67      612
  SINCE JUL 1   4260                      4343    -83     3613

 COOLING
  YESTERDAY        0                         1     -1        0
  MONTH TO DATE   17                        15      2       28
  SINCE MAR 1     17                        17      0       40
  SINCE JAN 1     17                        17      0       40
..................................................................


WIND (MPH)
  HIGHEST WIND SPEED    14   HIGHEST WIND DIRECTION     N (10)
  HIGHEST GUST SPEED    19   HIGHEST GUST DIRECTION    NE (30)
  AVERAGE WIND SPEED     5.2




RELATIVE HUMIDITY (PERCENT)
 HIGHEST    80           600 AM
 LOWEST     37          1200 PM
 AVERAGE    59

..........................................................


THE MEDICINE LODGE KS CLIMATE NORMALS FOR TODAY
                         NORMAL    RECORD    YEAR
 MAXIMUM TEMPERATURE (F)   71        94      2012
                                             1989
 MINIMUM TEMPERATURE (F)   47        25      2013


SUNRISE AND SUNSET
APRIL 24 2018.........SUNRISE   648 AM CDT   SUNSET   818 PM CDT
APRIL 25 2018.........SUNRISE   647 AM CDT   SUNSET   819 PM CDT


-  INDICATES NEGATIVE NUMBERS.
R  INDICATES RECORD WAS SET OR TIED.
MM INDICATES DATA IS MISSING.
T  INDICATES TRACE AMOUNT.




$$
