000
CDUS42 KMFL 240826
CLIPBI


CLIMATE REPORT
NATIONAL WEATHER SERVICE MIAMI, FL
426 AM EDT TUE APR 24 2018


...................................

...THE WEST PALM BEACH CLIMATE SUMMARY FOR APRIL 23 2018...

CLIMATE NORMAL PERIOD 1981 TO 2010
CLIMATE RECORD PERIOD 1888 TO 2018


WEATHER ITEM   OBSERVED TIME   RECORD YEAR NORMAL DEPARTURE LAST
                VALUE   (LST)  VALUE       VALUE  FROM      YEAR
                                                  NORMAL
..................................................................
TEMPERATURE (F)
 YESTERDAY
  MAXIMUM         82    138 PM  95    1971  83     -1       77
  MINIMUM         71   1157 AM  47    1910  67      4       66
  AVERAGE         77                        75      2       72

PRECIPITATION (IN)
  YESTERDAY        0.53          3.50 2017   0.12   0.41     3.50
  MONTH TO DATE    4.91                      2.94   1.97     3.61
  SINCE NOV 1     13.75                     21.61  -7.86    13.14
  SINCE JAN 1     10.31                     13.48  -3.17     8.67

SNOWFALL (IN)
  YESTERDAY        0.0
  MONTH TO DATE    0.0
  SINCE MAR 1      0.0
  SINCE JUL 1      0.0
  SNOW DEPTH       0

DEGREE DAYS
 HEATING
  YESTERDAY        0                         0      0        0
  MONTH TO DATE    0                         0      0        0
  SINCE MAR 1     39                        24     15       16
  SINCE JUL 1    179                       229    -50       68

 COOLING
  YESTERDAY       12                        10      2        7
  MONTH TO DATE  228                       193     35      249
  SINCE MAR 1    361                       386    -25      443
  SINCE JAN 1    767                       621    146      783
..................................................................


WIND (MPH)
  HIGHEST WIND SPEED    30   HIGHEST WIND DIRECTION     S (180)
  HIGHEST GUST SPEED    37   HIGHEST GUST DIRECTION     S (180)
  AVERAGE WIND SPEED     9.9


SKY COVER
  AVERAGE SKY COVER 0.5


WEATHER CONDITIONS
 THE FOLLOWING WEATHER WAS RECORDED YESTERDAY.
  THUNDERSTORM
  HEAVY RAIN
  RAIN
  LIGHT RAIN
  FOG


RELATIVE HUMIDITY (PERCENT)
 HIGHEST   100
 LOWEST     69
 AVERAGE    85

..........................................................


THE WEST PALM BEACH CLIMATE NORMALS FOR TODAY
                         NORMAL    RECORD    YEAR
 MAXIMUM TEMPERATURE (F)   83        95      1988
 MINIMUM TEMPERATURE (F)   67        53      2012


SUNRISE AND SUNSET
APRIL 24 2018.........SUNRISE   648 AM EDT   SUNSET   749 PM EDT
APRIL 25 2018.........SUNRISE   647 AM EDT   SUNSET   750 PM EDT


-  INDICATES NEGATIVE NUMBERS.
R  INDICATES RECORD WAS SET OR TIED.
MM INDICATES DATA IS MISSING.
T  INDICATES TRACE AMOUNT.




$$
