000
CDUS41 KPBZ 202111
CLIPHD


CLIMATE REPORT
NATIONAL WEATHER SERVICE PITTSBURGH PA
511 PM EDT SUN MAY 20 2018


...................................

...THE NEW PHILADELPHIA OH CLIMATE SUMMARY FOR MAY 20 2018...
VALID TODAY AS OF 0500 PM LOCAL TIME.

CLIMATE NORMAL PERIOD 1981 TO 2010
CLIMATE RECORD PERIOD 1948 TO 2018


WEATHER ITEM   OBSERVED TIME   RECORD YEAR NORMAL DEPARTURE LAST
                VALUE   (LST)  VALUE       VALUE  FROM      YEAR
                                                  NORMAL
..................................................................
TEMPERATURE (F)
 TODAY
  MAXIMUM         74    359 PM  91    1996  73      1       75
  MINIMUM         67    718 AM  32    1981  49     18       54
  AVERAGE         71                        61     10       65

PRECIPITATION (IN)
  TODAY            0.01          0.74 2005   0.15  -0.14     0.00
  MONTH TO DATE    1.25                      2.53  -1.28     3.90
  SINCE JUN 1     36.53                     37.26  -0.73    39.74
  SINCE JAN 1     16.01                     13.96   2.05    19.16

DEGREE DAYS
 HEATING
  TODAY            0                         5     -5        0
  MONTH TO DATE   19                       148   -129      153
  SINCE MAR 1   1496                      1356    140     1171
  SINCE JUL 1   5586                      5563     23     4668

 COOLING
  TODAY            6                         1      5        0
  MONTH TO DATE   62                        11     51       23
  SINCE MAR 1     70                        18     52       48
  SINCE JAN 1     75                        18     57       48
..................................................................


WIND (MPH)
  HIGHEST WIND SPEED    14   HIGHEST WIND DIRECTION     N (340)
  HIGHEST GUST SPEED    17   HIGHEST GUST DIRECTION    NW (330)
  AVERAGE WIND SPEED     6.5


SKY COVER
  POSSIBLE SUNSHINE  MM
  AVERAGE SKY COVER 0.8


WEATHER CONDITIONS
 THE FOLLOWING WEATHER WAS RECORDED TODAY.
  LIGHT RAIN
  FOG


RELATIVE HUMIDITY (PERCENT)
 HIGHEST    93           200 AM
 LOWEST     64          1200 PM
 AVERAGE    79

..........................................................


THE NEW PHILADELPHIA OH CLIMATE NORMALS FOR TOMORROW
                         NORMAL    RECORD    YEAR
 MAXIMUM TEMPERATURE (F)   73        91      1962
 MINIMUM TEMPERATURE (F)   49        30      2002


SUNRISE AND SUNSET
MAY 20 2018...........SUNRISE   605 AM EDT   SUNSET   840 PM EDT
MAY 21 2018...........SUNRISE   604 AM EDT   SUNSET   841 PM EDT


-  INDICATES NEGATIVE NUMBERS.
R  INDICATES RECORD WAS SET OR TIED.
MM INDICATES DATA IS MISSING.
T  INDICATES TRACE AMOUNT.




$$
