000
CDUS41 KPBZ 230702
CLIPIT

CLIMATE REPORT
NATIONAL WEATHER SERVICE PITTSBURGH PA
301 AM EDT MON APR 23 2018

...................................

...THE PITTSBURGH PA CLIMATE SUMMARY FOR APRIL 22 2018...

CLIMATE NORMAL PERIOD 1981 TO 2010
CLIMATE RECORD PERIOD 1871 TO 2018

WEATHER ITEM   OBSERVED TIME   RECORD YEAR NORMAL DEPARTURE LAST
                VALUE   (LST)  VALUE       VALUE  FROM      YEAR
                                                  NORMAL
..................................................................
TEMPERATURE (F)
 YESTERDAY
  MAXIMUM         68    456 PM  86    1902  64      4       54
                                      1878
  MINIMUM         45    639 AM  22    1875  42      3       43
  AVERAGE         57                        53      4       49

PRECIPITATION (IN)
  YESTERDAY        0.00          0.85 1931   0.11  -0.11     0.02
  MONTH TO DATE    3.93                      2.29   1.64     2.33
  SINCE JUN 1     41.65                     33.42   8.23    33.74
  SINCE JAN 1     18.21                     10.33   7.88    12.35

SNOWFALL (IN)
  YESTERDAY        0.0           1.0  1931   0.0    0.0      0.0
  MONTH TO DATE    7.3                       1.4    5.9       T
  SINCE OCT 1     59.8                      41.8   18.0     32.0
  SINCE JUL 1     59.8                      41.8   18.0     32.0
  SNOW DEPTH       0

DEGREE DAYS
 HEATING
  YESTERDAY        8                        12     -4       16
  MONTH TO DATE  453                       343    110      212
  SINCE MAR 1   1379                      1131    248      985
  SINCE JUL 1   5387                      5388     -1     4411

 COOLING
  YESTERDAY        0                         0      0        0
  MONTH TO DATE   12                         0     12       12
  SINCE MAR 1     12                         1     11       14
  SINCE JAN 1     16                         1     15       15
..................................................................

WIND (MPH)
  HIGHEST WIND SPEED    14   HIGHEST WIND DIRECTION     E (80)
  HIGHEST GUST SPEED    19   HIGHEST GUST DIRECTION     E (90)
  AVERAGE WIND SPEED     7.3


SKY COVER
  POSSIBLE SUNSHINE  MM
  AVERAGE SKY COVER 0.6


WEATHER CONDITIONS
 THE FOLLOWING WEATHER WAS RECORDED YESTERDAY.
  NO SIGNIFICANT WEATHER WAS OBSERVED.


RELATIVE HUMIDITY (PERCENT)
 HIGHEST    46          1200 AM
 LOWEST     20           400 PM
 AVERAGE    33

..........................................................


THE PITTSBURGH PA CLIMATE NORMALS FOR TODAY
                         NORMAL    RECORD    YEAR
 MAXIMUM TEMPERATURE (F)   65        89      1885
 MINIMUM TEMPERATURE (F)   43        26      1936


SUNRISE AND SUNSET
APRIL 23 2018.........SUNRISE   631 AM EDT   SUNSET   808 PM EDT
APRIL 24 2018.........SUNRISE   629 AM EDT   SUNSET   809 PM EDT


-  INDICATES NEGATIVE NUMBERS.
R  INDICATES RECORD WAS SET OR TIED.
MM INDICATES DATA IS MISSING.
T  INDICATES TRACE AMOUNT.

&&

&&

SNOW DEPTH IS MEASURED AT 7 AM EST OR 8 AM EDT.

SNOW DEPTH IS MEASURED AT 8 AM EDT.

$$
$$
