000
CDUS44 KMOB 220645
CLIPNS


CLIMATE REPORT
NATIONAL WEATHER SERVICE MOBILE AL
145 AM CDT SUN APR 22 2018


...................................

...THE PENSACOLA CLIMATE SUMMARY FOR APRIL 21 2018...

CLIMATE NORMAL PERIOD 1981 TO 2010
CLIMATE RECORD PERIOD 1879 TO 2018


WEATHER ITEM   OBSERVED TIME   RECORD YEAR NORMAL DEPARTURE LAST
                VALUE   (LST)  VALUE       VALUE  FROM      YEAR
                                                  NORMAL
..................................................................
TEMPERATURE (F)
 YESTERDAY
  MAXIMUM         75    313 PM  89    1987  77     -2       84
  MINIMUM         59    442 AM  43    1953  59      0       66
  AVERAGE         67                        68     -1       75

PRECIPITATION (IN)
  YESTERDAY        0.00          3.68 1995   0.13  -0.13     0.00
  MONTH TO DATE    3.31                      3.15   0.16     2.99
  SINCE MAR 1      5.33                      8.96  -3.63     5.35
  SINCE JAN 1     18.63                     18.65  -0.02    20.70

DEGREE DAYS
 HEATING
  YESTERDAY        0                         1     -1        0
  MONTH TO DATE   46                        45      1        8
  SINCE MAR 1    170                       221    -51      100
  SINCE JUL 1   1193                      1529   -336      633

 COOLING
  YESTERDAY        2                         4     -2       10
  MONTH TO DATE   54                        57     -3      129
  SINCE MAR 1    118                        90     28      257
  SINCE JAN 1    216                       104    112      367
..................................................................


WIND (MPH)
  HIGHEST WIND SPEED    20   HIGHEST WIND DIRECTION    SE (130)
  HIGHEST GUST SPEED    22   HIGHEST GUST DIRECTION    SE (130)
  AVERAGE WIND SPEED     8.9


SKY COVER
  POSSIBLE SUNSHINE  MM
  AVERAGE SKY COVER 0.5


WEATHER CONDITIONS
 THE FOLLOWING WEATHER WAS RECORDED YESTERDAY.
  NO SIGNIFICANT WEATHER WAS OBSERVED.


RELATIVE HUMIDITY (PERCENT)
 HIGHEST    84           900 PM
 LOWEST     60          1200 PM
 AVERAGE    72

..........................................................


THE PENSACOLA CLIMATE NORMALS FOR TODAY
                         NORMAL    RECORD    YEAR
 MAXIMUM TEMPERATURE (F)   77        96      1987
 MINIMUM TEMPERATURE (F)   59        46      1993


SUNRISE AND SUNSET
APRIL 22 2018.........SUNRISE   614 AM CDT   SUNSET   721 PM CDT
APRIL 23 2018.........SUNRISE   613 AM CDT   SUNSET   722 PM CDT


-  INDICATES NEGATIVE NUMBERS.
R  INDICATES RECORD WAS SET OR TIED.
MM INDICATES DATA IS MISSING.
T  INDICATES TRACE AMOUNT.




$$
