000
CDUS46 KPDT 220848
CLIPSC

CLIMATE REPORT
NATIONAL WEATHER SERVICE PENDLETON OR
137 AM PDT SUN APR 22 2018


...................................

...THE PASCO WA CLIMATE SUMMARY FOR APRIL 21 2018...

CLIMATE NORMAL PERIOD 1981 TO 2010
CLIMATE RECORD PERIOD 1948 TO 2018


WEATHER ITEM   OBSERVED TIME   RECORD YEAR NORMAL DEPARTURE LAST
                VALUE   (LST)  VALUE       VALUE  FROM      YEAR
                                                  NORMAL
..................................................................
TEMPERATURE (F)
 YESTERDAY
  MAXIMUM         68    329 PM  93    1934  69     -1       69
  MINIMUM         41   1159 PM  24    1951  39      2       36
  AVERAGE         55                        54      1       53

PRECIPITATION (IN)
  YESTERDAY        T             0.51 1916   0.02  -0.02     0.00
  MONTH TO DATE    1.05                      0.48   0.57     0.85
  SINCE OCT 1      5.63                      6.30  -0.67     8.62
  SINCE JAN 1      2.91                      3.35  -0.44     4.85

SNOWFALL (IN)
  YESTERDAY       MM
  SNOW DEPTH       0

DEGREE DAYS
 HEATING
  YESTERDAY       10                        11     -1       12
  MONTH TO DATE  266                       271     -5      277
  SINCE MAR 1    900                       849     51      810
  SINCE JUL 1   4603                      4732   -129     5132

 COOLING
  YESTERDAY        0                         0      0        0
  MONTH TO DATE    0                         0      0        0
  SINCE MAR 1      0                         0      0        0
  SINCE JAN 1      0                         0      0        0
..................................................................


WIND (MPH)
  RESULTANT WIND SPEED  10   RESULTANT WIND DIRECTION   W (260)
  HIGHEST WIND SPEED    24   HIGHEST WIND DIRECTION    NW (320)
  HIGHEST GUST SPEED    29   HIGHEST GUST DIRECTION    SW (240)


SKY COVER
  POSSIBLE SUNSHINE  MM
  AVERAGE SKY COVER 0.3


WEATHER CONDITIONS
 THE FOLLOWING WEATHER WAS RECORDED YESTERDAY.
  LIGHT RAIN


RELATIVE HUMIDITY (PERCENT)
 HIGHEST    58
 LOWEST     18
 AVERAGE    38

..........................................................


THE PASCO WA CLIMATE NORMALS FOR TODAY
                         NORMAL    RECORD    YEAR
 MAXIMUM TEMPERATURE (F)   69        94      1934
 MINIMUM TEMPERATURE (F)   39        28      2011


SUNRISE AND SUNSET
APRIL 22 2018.........SUNRISE   557 AM PDT   SUNSET   753 PM PDT
APRIL 23 2018.........SUNRISE   556 AM PDT   SUNSET   755 PM PDT


-  INDICATES NEGATIVE NUMBERS.
R  INDICATES RECORD WAS SET OR TIED.
MM INDICATES DATA IS MISSING.
T  INDICATES TRACE AMOUNT.




$$
