000
CDUS41 KGYX 230805
CLIPWM


CLIMATE REPORT
NATIONAL WEATHER SERVICE GRAY ME
404 AM EDT MON APR 23 2018


...................................

...THE PORTLAND ME CLIMATE SUMMARY FOR APRIL 22 2018...

CLIMATE NORMAL PERIOD 1981 TO 2010
CLIMATE RECORD PERIOD 1941 TO 2018


WEATHER ITEM   OBSERVED TIME   RECORD YEAR NORMAL DEPARTURE LAST
                VALUE   (LST)  VALUE       VALUE  FROM      YEAR
                                                  NORMAL
..................................................................
TEMPERATURE (F)
 YESTERDAY
  MAXIMUM         60    416 PM  82    1977  56      4       42
  MINIMUM         32    440 AM  22    1959  37     -5       36
  AVERAGE         46                        46      0       39

PRECIPITATION (IN)
  YESTERDAY        0.00          1.90 2000   0.14  -0.14     0.13
  MONTH TO DATE    3.87                      3.17   0.70     4.55
  SINCE MAR 1      7.07                      7.41  -0.34     8.05
  SINCE JAN 1     14.70                     14.04   0.66    16.25

SNOWFALL (IN)
  YESTERDAY        0.0           7.0  1940   0.0    0.0       T
  MONTH TO DATE    0.7                       2.6   -1.9      7.9
  SINCE MAR 1     33.7                      15.3   18.4     29.1
  SINCE JUL 1     91.9                      61.7   30.2     95.3
  SNOW DEPTH       0

DEGREE DAYS
 HEATING
  YESTERDAY       19                        19      0       26
  MONTH TO DATE  569                       492     77      436
  SINCE MAR 1   1525                      1468     57     1550
  SINCE JUL 1   6229                      6510   -281     6028

 COOLING
  YESTERDAY        0                         0      0        0
  MONTH TO DATE    0                         0      0        2
  SINCE MAR 1      0                         0      0        2
  SINCE JAN 1      0                         0      0        2
..................................................................


WIND (MPH)
  RESULTANT WIND SPEED   7   RESULTANT WIND DIRECTION  NW (320)
  HIGHEST WIND SPEED    21   HIGHEST WIND DIRECTION     N (340)
  HIGHEST GUST SPEED    28   HIGHEST GUST DIRECTION    NW (330)
  AVERAGE WIND SPEED     9.3


SKY COVER
  AVERAGE SKY COVER 0.0


WEATHER CONDITIONS
 THE FOLLOWING WEATHER WAS RECORDED YESTERDAY.
  NO SIGNIFICANT WEATHER WAS OBSERVED.


RELATIVE HUMIDITY (PERCENT)
 HIGHEST    70           600 AM
 LOWEST     14           400 PM
 AVERAGE    42

..........................................................


THE PORTLAND ME CLIMATE NORMALS FOR TODAY
                         NORMAL    RECORD    YEAR
 MAXIMUM TEMPERATURE (F)   56        81      2007
 MINIMUM TEMPERATURE (F)   37        22      1947


SUNRISE AND SUNSET
APRIL 23 2018.........SUNRISE   546 AM EDT   SUNSET   734 PM EDT
APRIL 24 2018.........SUNRISE   544 AM EDT   SUNSET   735 PM EDT


-  INDICATES NEGATIVE NUMBERS.
R  INDICATES RECORD WAS SET OR TIED.
MM INDICATES DATA IS MISSING.
T  INDICATES TRACE AMOUNT.




$$
