000
CDUS46 KSTO 220841 RRA
CLIRDD

CLIMATE REPORT
NATIONAL WEATHER SERVICE SACRAMENTO, CA
140 AM PDT SUN APR 22 2018


...................................

...THE REDDING AIRPORT CA CLIMATE SUMMARY FOR APRIL 21 2018...

CLIMATE NORMAL PERIOD 1981 TO 2010
CLIMATE RECORD PERIOD 1986 TO 2018


WEATHER ITEM   OBSERVED RECORD YEAR NORMAL DEPARTURE LAST
                VALUE   VALUE       VALUE  FROM      YEAR
                                           NORMAL
...........................................................
TEMPERATURE (F)
 YESTERDAY
  MAXIMUM         86     95    2009  72     14       82
  MINIMUM         46     33    2001  47     -1       48
  AVERAGE         66

PRECIPITATION (IN)
  YESTERDAY        0.00   0.92 2007   0.09  -0.09     0.00
  MONTH TO DATE    4.05               1.79   2.26     3.61
  SINCE OCT 1     18.58              30.48 -11.90    45.91
  SINCE JAN 1     12.91              17.63  -4.72    27.18

SNOWFALL (IN)
  YESTERDAY        0.0   MM      MM  MM               0.0
  MONTH TO DATE    0.0               MM               0.0
  SINCE MAR 1      0.0               MM               0.0
  SINCE JUL 1      0.0               MM               3.0

DEGREE DAYS
 HEATING
  YESTERDAY        0

 COOLING
  YESTERDAY        1
...........................................................


WIND (MPH)
  RESULTANT WIND SPEED   1   RESULTANT WIND DIRECTION   N (340)
  HIGHEST WIND SPEED    13   HIGHEST WIND DIRECTION     N (360)
  HIGHEST GUST SPEED    17   HIGHEST GUST DIRECTION     N (20)


SKY COVER
  POSSIBLE SUNSHINE  MM
  AVERAGE SKY COVER 0.0


WEATHER CONDITIONS
 THE FOLLOWING WEATHER WAS RECORDED YESTERDAY.
  NO SIGNIFICANT WEATHER WAS OBSERVED.


RELATIVE HUMIDITY (PERCENT)
 HIGHEST    86
 LOWEST     17
 AVERAGE    52

..........................................................


THE REDDING AIRPORT CA CLIMATE NORMALS FOR TODAY
                         NORMAL    RECORD    YEAR
 MAXIMUM TEMPERATURE (F)   72        92      2009
 MINIMUM TEMPERATURE (F)   47        41      2001
                                             1989


SUNRISE AND SUNSET
APRIL 22 2018.........SUNRISE   620 AM PDT   SUNSET   756 PM PDT
APRIL 23 2018.........SUNRISE   619 AM PDT   SUNSET   757 PM PDT


-  INDICATES NEGATIVE NUMBERS.
R  INDICATES RECORD WAS SET OR TIED.
MM INDICATES DATA IS MISSING.
T  INDICATES TRACE AMOUNT.

&&
....................................................................

REDDING CITY CLIMATE DATA FOR APRIL 21

CLIMATE RECORD PERIOD 1897-1986

RECORD HIGH..............     96 IN 1931
RECORD LOW...............     35 IN 1978
RECORD RAINFALL..........   1.36 IN 1955

$$
