000
CDUS46 KPDT 220027
CLIRDM

CLIMATE REPORT
NATIONAL WEATHER SERVICE PENDLETON OR
526 PM PDT SAT APR 21 2018


...................................

...THE REDMOND OR CLIMATE SUMMARY FOR APRIL 21 2018...
VALID TODAY AS OF 0500 PM LOCAL TIME.

CLIMATE NORMAL PERIOD 1981 TO 2010
CLIMATE RECORD PERIOD 1949 TO 2018


WEATHER ITEM   OBSERVED TIME   RECORD YEAR NORMAL DEPARTURE LAST
                VALUE   (LST)  VALUE       VALUE  FROM      YEAR
                                                  NORMAL
..................................................................
TEMPERATURE (F)
 TODAY
  MAXIMUM         61    340 PM  84    2009  61      0       67
                                      1986
  MINIMUM         30    441 AM  11    2008  30      0       25
  AVERAGE         46                        45      1       46

PRECIPITATION (IN)
  TODAY            0.00          0.15 1989   0.03  -0.03     0.00
  MONTH TO DATE    0.52                      0.49   0.03     0.80
  SINCE OCT 1      2.84                      5.53  -2.69     7.88
  SINCE JAN 1      1.73                      2.77  -1.04     4.13

DEGREE DAYS
 HEATING
  TODAY           19                        20     -1       19
  MONTH TO DATE  423                       451    -28      459
  SINCE MAR 1   1194                      1229    -35     1136
  SINCE JUL 1   5624                      5902   -278     6013

 COOLING
  TODAY            0                         0      0        0
  MONTH TO DATE    0                         0      0        0
  SINCE MAR 1      0                         0      0        0
  SINCE JAN 1      0                         0      0        0
..................................................................


WIND (MPH)
  RESULTANT WIND SPEED   6   RESULTANT WIND DIRECTION   N (340)
  HIGHEST WIND SPEED    17   HIGHEST WIND DIRECTION     N (340)
  HIGHEST GUST SPEED    21   HIGHEST GUST DIRECTION    NW (330)
  AVERAGE WIND SPEED     6.4


SKY COVER
  POSSIBLE SUNSHINE  MM
  AVERAGE SKY COVER 0.3


WEATHER CONDITIONS
 THE FOLLOWING WEATHER WAS RECORDED TODAY.
  NO SIGNIFICANT WEATHER WAS OBSERVED.


RELATIVE HUMIDITY (PERCENT)
 HIGHEST    78           500 AM
 LOWEST     27           400 PM
 AVERAGE    53

..........................................................


THE REDMOND OR CLIMATE NORMALS FOR TOMORROW
                         NORMAL    RECORD    YEAR
 MAXIMUM TEMPERATURE (F)   61        86      2012
 MINIMUM TEMPERATURE (F)   30        15      2011
                                             1972


SUNRISE AND SUNSET
APRIL 21 2018.........SUNRISE   611 AM PDT   SUNSET   757 PM PDT
APRIL 22 2018.........SUNRISE   609 AM PDT   SUNSET   758 PM PDT


-  INDICATES NEGATIVE NUMBERS.
R  INDICATES RECORD WAS SET OR TIED.
MM INDICATES DATA IS MISSING.
T  INDICATES TRACE AMOUNT.




$$
