000
CDUS42 KRAH 240751
CLIRDU


CLIMATE REPORT
NATIONAL WEATHER SERVICE RALEIGH NC
350 AM EDT THU MAY 24 2018


...................................

...THE RALEIGH-DURHAM INTL AIRPORT NC CLIMATE SUMMARY FOR MAY 23 2018...

CLIMATE NORMAL PERIOD 1981 TO 2010
CLIMATE RECORD PERIOD 1887 TO 2018


WEATHER ITEM   OBSERVED TIME   RECORD YEAR NORMAL DEPARTURE LAST
                VALUE   (LST)  VALUE       VALUE  FROM      YEAR
                                                  NORMAL
..................................................................
TEMPERATURE (F)
 YESTERDAY
  MAXIMUM         87    212 PM  98    1941  81      6       71
  MINIMUM         69   1145 PM  38    2002  59     10       67
  AVERAGE         78                        70      8       69

PRECIPITATION (IN)
  YESTERDAY        T             1.27 1974   0.12  -0.12     0.69
  MONTH TO DATE    3.40                      2.32   1.08     4.31
  SINCE MAR 1     13.55                      9.35   4.20    16.10
  SINCE JAN 1     19.17                     16.08   3.09    20.53

DEGREE DAYS
 HEATING
  YESTERDAY        0                         1     -1        0
  MONTH TO DATE    1                        47    -46       45
  SINCE MAR 1    831                       664    167      533
  SINCE JUL 1   3344                      3236    108     2506

 COOLING
  YESTERDAY       13                         6      7        4
  MONTH TO DATE  200                        93    107      119
  SINCE MAR 1    217                       153     64      263
  SINCE JAN 1    239                       154     85      271
..................................................................


WIND (MPH)
  HIGHEST WIND SPEED    16   HIGHEST WIND DIRECTION    SW (240)
  HIGHEST GUST SPEED    20   HIGHEST GUST DIRECTION    SW (230)
  AVERAGE WIND SPEED     7.0


SKY COVER
  POSSIBLE SUNSHINE  MM
  AVERAGE SKY COVER 0.7


WEATHER CONDITIONS
 THE FOLLOWING WEATHER WAS RECORDED YESTERDAY.
  THUNDERSTORM


RELATIVE HUMIDITY (PERCENT)
 HIGHEST    97           600 AM
 LOWEST     61           200 PM
 AVERAGE    79

..........................................................


THE RALEIGH-DURHAM INTL AIRPORT NC CLIMATE NORMALS FOR TODAY
                         NORMAL    RECORD    YEAR
 MAXIMUM TEMPERATURE (F)   82        95      1944
                                             1903
 MINIMUM TEMPERATURE (F)   59        42      1931


SUNRISE AND SUNSET
MAY 24 2018...........SUNRISE   604 AM EDT   SUNSET   821 PM EDT
MAY 25 2018...........SUNRISE   603 AM EDT   SUNSET   821 PM EDT


-  INDICATES NEGATIVE NUMBERS.
R  INDICATES RECORD WAS SET OR TIED.
MM INDICATES DATA IS MISSING.
T  INDICATES TRACE AMOUNT.

&&

CLIMATE REPORT NWS FORECAST OFFICE
NCSU CENTENNIAL CAMPUS
RALEIGH, NC

MAXIMUM TEMPERATURE...88

MINIMUM TEMPERATURE...68

PRECIPITATION...0.00


$$
