000
CDUS46 KBOI 200931
CLIREO


CLIMATE REPORT
NATIONAL WEATHER SERVICE BOISE ID
331 AM MDT SUN MAY 20 2018


...................................

...THE ROME OR CLIMATE SUMMARY FOR MAY 19 2018...

CLIMATE NORMAL PERIOD 1981 TO 2010
CLIMATE RECORD PERIOD 9999 TO 9999


WEATHER ITEM   OBSERVED TIME   NORMAL DEPARTURE LAST
                VALUE   (LST)  VALUE  FROM      YEAR
                                      NORMAL
......................................................
TEMPERATURE (F)
 YESTERDAY
  MAXIMUM         77    437 PM  71      6       74
  MINIMUM         41    534 AM  38      3       36
  AVERAGE         59            54      5       55

PRECIPITATION (IN)
  YESTERDAY        0.00          0.05  -0.05     0.00
  MONTH TO DATE    0.37          0.86  -0.49     0.39
  SINCE OCT 1      3.79          6.42  -2.63     7.57
  SINCE JAN 1      1.91          4.23  -2.32     5.19

DEGREE DAYS
 HEATING
  YESTERDAY        6            11     -5       10
  MONTH TO DATE  141           249   -108      221
  SINCE MAR 1   1341          1609   -268     1302
  SINCE JUL 1   5689          6343   -654     5882

 COOLING
  YESTERDAY        0             0      0        0
  MONTH TO DATE    3             0      3        9
  SINCE MAR 1      3             0      3        9
  SINCE JAN 1      3             0      3        9
......................................................


WIND (MPH)
  RESULTANT WIND SPEED   5   RESULTANT WIND DIRECTION   E (110)
  HIGHEST WIND SPEED    21   HIGHEST WIND DIRECTION    SE (130)
  HIGHEST GUST SPEED    23   HIGHEST GUST DIRECTION    SE (130)
  AVERAGE WIND SPEED     6.6


SKY COVER
  AVERAGE SKY COVER 0.0


WEATHER CONDITIONS
 THE FOLLOWING WEATHER WAS RECORDED YESTERDAY.
  NO SIGNIFICANT WEATHER WAS OBSERVED.


RELATIVE HUMIDITY (PERCENT)
 HIGHEST    89           400 AM
 LOWEST     19           100 PM
 AVERAGE    54

..........................................................


THE ROME OR CLIMATE NORMALS FOR TODAY
                         NORMAL    RECORD    YEAR
 MAXIMUM TEMPERATURE (F)   71        MM        MM
 MINIMUM TEMPERATURE (F)   39        MM        MM


SUNRISE AND SUNSET
MAY 20 2018...........SUNRISE   525 AM PDT   SUNSET   812 PM PDT
MAY 21 2018...........SUNRISE   524 AM PDT   SUNSET   813 PM PDT


-  INDICATES NEGATIVE NUMBERS.
R  INDICATES RECORD WAS SET OR TIED.
MM INDICATES DATA IS MISSING.
T  INDICATES TRACE AMOUNT.




$$
