000
CDUS43 KGRB 240707
CLIRHI


CLIMATE REPORT
NATIONAL WEATHER SERVICE GREEN BAY
207 AM CDT TUE APR 24 2018


...................................

...THE RHINELANDER WI CLIMATE SUMMARY FOR APRIL 23 2018...

CLIMATE NORMAL PERIOD 1981 TO 2010
CLIMATE RECORD PERIOD 1908 TO 2018


WEATHER ITEM   OBSERVED TIME   RECORD YEAR NORMAL DEPARTURE LAST
                VALUE   (LST)  VALUE       VALUE  FROM      YEAR
                                                  NORMAL
..................................................................
TEMPERATURE (F)
 YESTERDAY
  MAXIMUM         65        MM  84    1925  58      7       51
  MINIMUM         27        MM  16    1909  33     -6       35
  AVERAGE         46                        45      1       43

PRECIPITATION (IN)
  YESTERDAY        0.00          1.29 1975   0.09  -0.09      T
  MONTH TO DATE    2.52                      1.88   0.64     4.98
  SINCE MAR 1      4.37                      3.45   0.92     6.19
  SINCE JAN 1      6.66                      5.49   1.17     9.55

SNOWFALL (IN)
  YESTERDAY        0.0           3.0  1910  MM     MM        0.0
  MONTH TO DATE   27.8                      MM     MM        5.4
  SINCE MAR 1     44.3                      MM     MM       11.2
  SINCE JUL 1     99.9                      MM     MM       62.7
  SNOW DEPTH       2

DEGREE DAYS
 HEATING
  YESTERDAY       19                        20     -1       22
  MONTH TO DATE  847                       574    273      467
  SINCE MAR 1   2087                      1747    340     1619
  SINCE JUL 1   8662                      8369    293     7130

 COOLING
  YESTERDAY        0                         0      0        0
  MONTH TO DATE    0                         0      0        0
  SINCE MAR 1      0                         0      0        0
  SINCE JAN 1      0                         0      0        0
..................................................................


WIND (MPH)
  HIGHEST WIND SPEED     7   HIGHEST WIND DIRECTION     S (190)
  HIGHEST GUST SPEED    MM   HIGHEST GUST DIRECTION    MM
  AVERAGE WIND SPEED     1.9


SKY COVER
  POSSIBLE SUNSHINE  MM
  AVERAGE SKY COVER 0.0


WEATHER CONDITIONS
 THE FOLLOWING WEATHER WAS RECORDED YESTERDAY.
  NO SIGNIFICANT WEATHER WAS OBSERVED.


RELATIVE HUMIDITY (PERCENT)
 HIGHEST    75           400 AM
 LOWEST     23           300 PM
 AVERAGE    49

..........................................................


THE RHINELANDER WI CLIMATE NORMALS FOR TODAY
                         NORMAL    RECORD    YEAR
 MAXIMUM TEMPERATURE (F)   58        85      1915
 MINIMUM TEMPERATURE (F)   33        15      1909


SUNRISE AND SUNSET
APRIL 24 2018.........SUNRISE   557 AM CDT   SUNSET   756 PM CDT
APRIL 25 2018.........SUNRISE   555 AM CDT   SUNSET   757 PM CDT


-  INDICATES NEGATIVE NUMBERS.
R  INDICATES RECORD WAS SET OR TIED.
MM INDICATES DATA IS MISSING.
T  INDICATES TRACE AMOUNT.




$$
