000
CDUS45 KRIW 220734
CLIRKS


CLIMATE REPORT
NATIONAL WEATHER SERVICE RIVERTON WY
133 AM MDT TUE MAY 22 2018


...................................

...THE ROCK SPRINGS WY CLIMATE SUMMARY FOR MAY 21 2018...

CLIMATE NORMAL PERIOD 1981 TO 2010
CLIMATE RECORD PERIOD 1948 TO 2018


WEATHER ITEM   OBSERVED TIME   RECORD YEAR NORMAL DEPARTURE LAST
                VALUE   (LST)  VALUE       VALUE  FROM      YEAR
                                                  NORMAL
..................................................................
TEMPERATURE (F)
 YESTERDAY
  MAXIMUM         70   1156 AM  83    2012  66      4       58
  MINIMUM         42    412 AM  25    2001  39      3       36
  AVERAGE         56                        52      4       47

PRECIPITATION (IN)
  YESTERDAY        0.01          0.39 1992   0.04  -0.03      T
  MONTH TO DATE    1.04                      0.83   0.21     0.62
  SINCE MAR 1      1.54                      2.42  -0.88     2.60
  SINCE JAN 1      1.73                      3.35  -1.62     3.50

DEGREE DAYS
 HEATING
  YESTERDAY        9                        13     -4       18
  MONTH TO DATE  261                       332    -71      313
  SINCE MAR 1   1845                      2012   -167     1767
  SINCE JUL 1   7111                      7864   -753     7505

 COOLING
  YESTERDAY        0                         0      0        0
  MONTH TO DATE    0                         0      0        0
  SINCE MAR 1      0                         0      0        0
  SINCE JAN 1      0                         0      0        0
..................................................................


WIND (MPH)
  HIGHEST WIND SPEED    23   HIGHEST WIND DIRECTION     S (170)
  HIGHEST GUST SPEED    29   HIGHEST GUST DIRECTION     S (170)
  AVERAGE WIND SPEED     7.2


SKY COVER
  POSSIBLE SUNSHINE  MM
  AVERAGE SKY COVER 0.1


WEATHER CONDITIONS
 THE FOLLOWING WEATHER WAS RECORDED YESTERDAY.
  THUNDERSTORM
  RAIN
  LIGHT RAIN


RELATIVE HUMIDITY (PERCENT)
 HIGHEST    82           400 AM
 LOWEST     23          1200 PM
 AVERAGE    53

..........................................................


THE ROCK SPRINGS WY CLIMATE NORMALS FOR TODAY
                         NORMAL    RECORD    YEAR
 MAXIMUM TEMPERATURE (F)   66        81      1967
 MINIMUM TEMPERATURE (F)   39        26      1974


SUNRISE AND SUNSET
MAY 22 2018...........SUNRISE   551 AM MDT   SUNSET   836 PM MDT
MAY 23 2018...........SUNRISE   550 AM MDT   SUNSET   837 PM MDT


-  INDICATES NEGATIVE NUMBERS.
R  INDICATES RECORD WAS SET OR TIED.
MM INDICATES DATA IS MISSING.
T  INDICATES TRACE AMOUNT.




$$
