000
CDUS42 KFFC 192042
CLIRMG


CLIMATE REPORT
NATIONAL WEATHER SERVICE PEACHTREE CITY GA
441 PM EDT THU APR 19 2018


...................................

...THE ROME  CLIMATE SUMMARY FOR APRIL 19 2018...
VALID TODAY AS OF 0400 PM LOCAL TIME.

CLIMATE NORMAL PERIOD 1981 TO 2010
CLIMATE RECORD PERIOD 9999 TO 9999


WEATHER ITEM   OBSERVED TIME   RECORD YEAR NORMAL DEPARTURE LAST
                VALUE   (LST)  VALUE       VALUE  FROM      YEAR
                                                  NORMAL
..................................................................
TEMPERATURE (F)
 TODAY
  MAXIMUM         70   1223 AM  MM      MM  73     -3       80
  MINIMUM         56    852 AM  MM      MM  48      8       62
  AVERAGE         63                        61      2       71

PRECIPITATION (IN)
  TODAY            0.00         MM      MM   0.14  -0.14     0.14
  MONTH TO DATE    1.50                      2.31  -0.81     3.16
  SINCE MAR 1      5.24                      7.26  -2.02     7.47
  SINCE JAN 1     14.07                     16.95  -2.88    18.73

SNOWFALL (IN)
  TODAY            0.0          MM      MM  MM     MM        0.0
  MONTH TO DATE    0.0                      MM     MM        0.0
  SINCE MAR 1      0.0                      MM     MM        0.0
  SINCE JUL 1      0.0                      MM     MM         T
  SNOW DEPTH       0

DEGREE DAYS
 HEATING
  TODAY            2                         6     -4        0
  MONTH TO DATE  141                       140      1       55
  SINCE MAR 1    540                       545     -5      370
  SINCE JUL 1   2829                      3167   -338     2079

 COOLING
  TODAY            0                         1     -1        6
  MONTH TO DATE    7                        15     -8       53
  SINCE MAR 1     10                        19     -9       80
  SINCE JAN 1     36                        19     17       80
..................................................................


WIND (MPH)
  RESULTANT WIND SPEED   8   RESULTANT WIND DIRECTION  NW (330)
  HIGHEST WIND SPEED    18   HIGHEST WIND DIRECTION     N (340)
  HIGHEST GUST SPEED    31   HIGHEST GUST DIRECTION     N (360)
  AVERAGE WIND SPEED     9.8


SKY COVER
  AVERAGE SKY COVER 0.2


WEATHER CONDITIONS
 THE FOLLOWING WEATHER WAS RECORDED TODAY.
  NO SIGNIFICANT WEATHER WAS OBSERVED.


RELATIVE HUMIDITY (PERCENT)
 HIGHEST    78           200 AM
 LOWEST     39           200 PM
 AVERAGE    59

..........................................................


THE ROME  CLIMATE NORMALS FOR TOMORROW
                         NORMAL    RECORD    YEAR
 MAXIMUM TEMPERATURE (F)   74        MM        MM
 MINIMUM TEMPERATURE (F)   48        MM        MM


SUNRISE AND SUNSET
APRIL 19 2018.........SUNRISE   704 AM EDT   SUNSET   816 PM EDT
APRIL 20 2018.........SUNRISE   703 AM EDT   SUNSET   816 PM EDT


-  INDICATES NEGATIVE NUMBERS.
R  INDICATES RECORD WAS SET OR TIED.
MM INDICATES DATA IS MISSING.
T  INDICATES TRACE AMOUNT.




$$
