000
CDUS41 KRNK 200930
CLIRNK


CLIMATE REPORT
NATIONAL WEATHER SERVICE BLACKSBURG VA
529 AM EDT SUN MAY 20 2018


...................................

...THE BLACKSBURG VA CLIMATE SUMMARY FOR MAY 19 2018...

CLIMATE NORMAL PERIOD 1981 TO 2010
CLIMATE RECORD PERIOD 1952 TO 2018


WEATHER ITEM   OBSERVED RECORD YEAR NORMAL DEPARTURE LAST
                VALUE   VALUE       VALUE  FROM      YEAR
                                           NORMAL
...........................................................
TEMPERATURE (F)
 YESTERDAY
  MAXIMUM         76     88    1996  72      4       80
  MINIMUM         60     30    2002  48     12       60
  AVERAGE         68                 60      8       70

PRECIPITATION (IN)
  YESTERDAY        0.10   1.06 1953   0.14  -0.04     0.00
  MONTH TO DATE    3.08               2.47   0.61     2.81
  SINCE MAR 1     12.15               9.59   2.56    11.97
  SINCE JAN 1     18.42              15.48   2.94    17.75

SNOWFALL (IN)
  YESTERDAY        0.0                                0.0
  MONTH TO DATE    0.0                                0.0
  SINCE MAR 1     23.9                                1.1
  SINCE JUL 1     31.3                                7.7
  SNOW DEPTH       0

DEGREE DAYS
 HEATING
  YESTERDAY        0                  6     -6        0
  MONTH TO DATE   33                149   -116      124
  SINCE MAR 1   1329               1306     23     1042
  SINCE JUL 1   4990               5354   -364     4134

 COOLING
  YESTERDAY        3                  1      2        5
  MONTH TO DATE   38                  8     30       20
  SINCE MAR 1     38                 11     27       39
  SINCE JAN 1     39                 11     28       39
...........................................................


WIND (MPH)
  HIGHEST WIND SPEED    12   HIGHEST WIND DIRECTION     S (170)
  HIGHEST GUST SPEED    17   HIGHEST GUST DIRECTION     S (170)
  AVERAGE WIND SPEED     4.0


SKY COVER
  AVERAGE SKY COVER 0.9


WEATHER CONDITIONS
 THE FOLLOWING WEATHER WAS RECORDED YESTERDAY.
  RAIN
  LIGHT RAIN
  FOG
  FOG W/VISIBILITY <= 1/4 MILE


RELATIVE HUMIDITY (PERCENT)
 HIGHEST   100          1200 AM
 LOWEST     66           300 PM
 AVERAGE    83

..........................................................


THE BLACKSBURG VA CLIMATE NORMALS FOR TODAY
                         NORMAL    RECORD    YEAR
 MAXIMUM TEMPERATURE (F)   72        89      1996
 MINIMUM TEMPERATURE (F)   48        29      2002


SUNRISE AND SUNSET
MAY 20 2018...........SUNRISE   609 AM EDT   SUNSET   828 PM EDT
MAY 21 2018...........SUNRISE   609 AM EDT   SUNSET   828 PM EDT


-  INDICATES NEGATIVE NUMBERS.
R  INDICATES RECORD WAS SET OR TIED.
MM INDICATES DATA IS MISSING.
T  INDICATES TRACE AMOUNT.

REMARKS:
DUE TO MISSING TEMPERATURES FROM SEPTEMBER 8-10...THE HEATING DEGREE
DAY AND DEPARTURE FROM NORMAL WILL BE CALCULATED WITHOUT DATA FROM
THESE DATES.

$$

RAB
