000
CDUS45 KREV 220854
CLIRNO


CLIMATE REPORT
NATIONAL WEATHER SERVICE RENO NV
153 AM PDT TUE MAY 22 2018


...................................

...THE RENO-TAHOE INTL AIRPORT NV CLIMATE SUMMARY FOR MAY 21 2018...

CLIMATE NORMAL PERIOD 1981 TO 2010
CLIMATE RECORD PERIOD 1888 TO 2018


WEATHER ITEM   OBSERVED TIME   RECORD YEAR NORMAL DEPARTURE LAST
                VALUE   (LST)  VALUE       VALUE  FROM      YEAR
                                                  NORMAL
..................................................................
TEMPERATURE (F)
 YESTERDAY
  MAXIMUM         74    327 PM  94    1967  75     -1       82
  MINIMUM         54    810 AM  28    1893  47      7       51
  AVERAGE         64                        61      3       67

PRECIPITATION (IN)
  YESTERDAY        0.06          0.65 1894   0.01   0.05     0.00
  MONTH TO DATE    0.82                      0.32   0.50     0.61
  SINCE OCT 1      6.15                      5.96   0.19    14.94
  SINCE JAN 1      4.58                      3.60   0.98    11.15

SNOWFALL (IN)
  YESTERDAY        0.0           1.3  1971   0.0    0.0      0.0
  MONTH TO DATE    0.0                       0.3   -0.3      0.0
  SINCE MAR 1     20.1                       2.8   17.3      2.9
  SINCE JUL 1     24.9                      21.8    3.1     27.0
  SNOW DEPTH       0

DEGREE DAYS
 HEATING
  YESTERDAY        1                         5     -4        0
  MONTH TO DATE   89                       161    -72      132
  SINCE MAR 1   1127                      1185    -58     1026
  SINCE JUL 1   4394                      4823   -429     4399

 COOLING
  YESTERDAY        0                         1     -1        2
  MONTH TO DATE   14                        14      0       13
  SINCE MAR 1     17                        15      2       13
  SINCE JAN 1     17                        15      2       13
..................................................................


WIND (MPH)
  RESULTANT WIND SPEED   2   RESULTANT WIND DIRECTION  NE (50)
  HIGHEST WIND SPEED    24   HIGHEST WIND DIRECTION    NE (50)
  HIGHEST GUST SPEED    31   HIGHEST GUST DIRECTION    NE (50)
  AVERAGE WIND SPEED     4.0



WEATHER CONDITIONS
 THE FOLLOWING WEATHER WAS RECORDED YESTERDAY.
  THUNDERSTORM
  LIGHT RAIN


RELATIVE HUMIDITY (PERCENT)
 HIGHEST    83           800 AM
 LOWEST     35           300 PM
 AVERAGE    59

..........................................................


THE RENO-TAHOE INTL AIRPORT NV CLIMATE NORMALS FOR TODAY
                         NORMAL    RECORD    YEAR
 MAXIMUM TEMPERATURE (F)   75        95      1967
 MINIMUM TEMPERATURE (F)   47        19      1960


SUNRISE AND SUNSET
MAY 22 2018...........SUNRISE   539 AM PDT   SUNSET   813 PM PDT
MAY 23 2018...........SUNRISE   539 AM PDT   SUNSET   814 PM PDT


-  INDICATES NEGATIVE NUMBERS.
R  INDICATES RECORD WAS SET OR TIED.
MM INDICATES DATA IS MISSING.
T  INDICATES TRACE AMOUNT.




$$
