000
CDUS43 KARX 222140
CLIRST


CLIMATE REPORT
NATIONAL WEATHER SERVICE LA CROSSE WI
439 PM CDT TUE MAY 22 2018


...................................

...THE ROCHESTER MN CLIMATE SUMMARY FOR MAY 22 2018...
VALID TODAY AS OF 0400 PM LOCAL TIME.

CLIMATE NORMAL PERIOD 1981 TO 2010
CLIMATE RECORD PERIOD 1886 TO 2018


WEATHER ITEM   OBSERVED TIME   RECORD YEAR NORMAL DEPARTURE LAST
                VALUE   (LST)  VALUE       VALUE  FROM      YEAR
                                                  NORMAL
..................................................................
TEMPERATURE (F)
 TODAY
  MAXIMUM         72    252 PM  92    1964  71      1       67
  MINIMUM         54    635 AM  30    1963  49      5       41
  AVERAGE         63                        60      3       54

PRECIPITATION (IN)
  TODAY            0.00          1.06 1936   0.12  -0.12     0.14
  MONTH TO DATE    4.44                      2.53   1.91     2.52
  SINCE MAR 1      8.53                      7.65   0.88     9.94
  SINCE JAN 1     11.03                      9.34   1.69    13.72

SNOWFALL (IN)
  TODAY            0.0           0.0  2012   0.0    0.0      0.0
  MONTH TO DATE    0.0                       0.2   -0.2      0.0
  SINCE JUL 1     60.2                      52.1    8.1     52.7
  SNOW DEPTH       0

DEGREE DAYS
 HEATING
  TODAY            2                         6     -4       11
  MONTH TO DATE  123                       199    -76      222
  SINCE JUL 1   8060                      7624    436     6806

 COOLING
  TODAY            0                         1     -1        0
  MONTH TO DATE    7                        15     -8       20
  SINCE JAN 1      7                        19    -12       20
..................................................................


WIND (MPH)
  HIGHEST WIND SPEED     9   HIGHEST WIND DIRECTION    NW (330)
  HIGHEST GUST SPEED    13   HIGHEST GUST DIRECTION    NW (330)
  AVERAGE WIND SPEED     3.5


SKY COVER
  POSSIBLE SUNSHINE  MM
  AVERAGE SKY COVER 1.0


WEATHER CONDITIONS
 THE FOLLOWING WEATHER WAS RECORDED TODAY.
  FOG
  FOG W/VISIBILITY <= 1/4 MILE


RELATIVE HUMIDITY (PERCENT)
 HIGHEST   100          1200 AM
 LOWEST     68           300 PM
 AVERAGE    84

..........................................................


THE ROCHESTER MN CLIMATE NORMALS FOR TOMORROW
                         NORMAL    RECORD    YEAR
 MAXIMUM TEMPERATURE (F)   71        89      1972
                                             1939
 MINIMUM TEMPERATURE (F)   50        25      1931


SUNRISE AND SUNSET
MAY 22 2018...........SUNRISE   537 AM CDT   SUNSET   837 PM CDT
MAY 23 2018...........SUNRISE   537 AM CDT   SUNSET   838 PM CDT


-  INDICATES NEGATIVE NUMBERS.
R  INDICATES RECORD WAS SET OR TIED.
MM INDICATES DATA IS MISSING.
T  INDICATES TRACE AMOUNT.




$$
