000
CDUS46 KSTO 240041
CLISAC

CLIMATE REPORT
NATIONAL WEATHER SERVICE SACRAMENTO, CA
540 PM PDT MON APR 23 2018


...................................

...THE SACRAMENTO EXEC. AIRPORT CA CLIMATE SUMMARY FOR APRIL 23 2018...
VALID TODAY AS OF 0500 PM LOCAL TIME.

CLIMATE NORMAL PERIOD 1981 TO 2010
CLIMATE RECORD PERIOD 1930 TO 2018


WEATHER ITEM   OBSERVED TIME   RECORD YEAR NORMAL DEPARTURE LAST
                VALUE   (LST)  VALUE       VALUE  FROM      YEAR
                                                  NORMAL
..................................................................
TEMPERATURE (F)
 TODAY
  MAXIMUM         86    331 PM  89    1962  73     13       71
  MINIMUM         53    544 AM  37    1964  47      6       49
  AVERAGE         70

PRECIPITATION (IN)
  TODAY            0.00          0.65 1983   0.03  -0.03      T
  MONTH TO DATE    2.00                      0.94   1.06     2.93
  SINCE OCT 1     15.36                     17.08  -1.72    32.93
  SINCE JAN 1     12.94                     10.80   2.14    23.48

SNOWFALL (IN)
  TODAY            0.0          MM      MM   0.0             0.0
  MONTH TO DATE    0.0                       0.0             0.0
  SINCE MAR 1      0.0                       0.0             0.0
  SINCE JUL 1      0.0                       0.0             0.0

DEGREE DAYS
 HEATING
  TODAY            0

 COOLING
  TODAY            5
..................................................................


WIND (MPH)
  RESULTANT WIND SPEED   2   RESULTANT WIND DIRECTION  NW (320)
  HIGHEST WIND SPEED     9   HIGHEST WIND DIRECTION    NW (330)
  HIGHEST GUST SPEED    12   HIGHEST GUST DIRECTION    NW (330)


SKY COVER
  POSSIBLE SUNSHINE  MM
  AVERAGE SKY COVER 0.0


WEATHER CONDITIONS
 THE FOLLOWING WEATHER WAS RECORDED TODAY.
  NO SIGNIFICANT WEATHER WAS OBSERVED.


RELATIVE HUMIDITY (PERCENT)
 HIGHEST   100
 LOWEST     25
 AVERAGE    63

..........................................................


THE SACRAMENTO EXEC. AIRPORT CA CLIMATE NORMALS FOR TOMORROW
                         NORMAL    RECORD    YEAR
 MAXIMUM TEMPERATURE (F)   74        90      2013
 MINIMUM TEMPERATURE (F)   47        36      2008
                                             1964


SUNRISE AND SUNSET
APRIL 23 2018.........SUNRISE   619 AM PDT   SUNSET   750 PM PDT
APRIL 24 2018.........SUNRISE   617 AM PDT   SUNSET   751 PM PDT


-  INDICATES NEGATIVE NUMBERS.
R  INDICATES RECORD WAS SET OR TIED.
MM INDICATES DATA IS MISSING.
T  INDICATES TRACE AMOUNT.

&&
....................................................................

SACRAMENTO CITY CLIMATE DATA FOR MONDAY APRIL 23 2018

HIGH...   86  RECORD HIGH    92 IN 1946    NORMAL    HIGH   75
LOW....   57  RECORD LOW     39 IN 1920    NORMAL    LOW    50

RAIN SINCE MIDNIGHT....  0.00   RECORD THIS DATE.......  0.6 IN 1896
TOTAL THIS MONTH.......  2.45   NORMAL SINCE OCT 1ST.........  18.7
TOTAL SINCE OCT 1ST...  16.27   PERCENT OF NORMAL.............  87%


$$
NNNN
