077
CDUS43 KIWX 240020
CLISBN


CLIMATE REPORT
NATIONAL WEATHER SERVICE NORTHERN INDIANA
820 PM EDT WED MAY 23 2018


...................................

...THE SOUTH BEND CLIMATE SUMMARY FOR MAY 23 2018...
VALID AS OF 0800 PM LOCAL TIME.

CLIMATE NORMAL PERIOD 1981 TO 2010
CLIMATE RECORD PERIOD 1893 TO 2018


WEATHER ITEM   OBSERVED TIME   RECORD YEAR NORMAL DEPARTURE LAST
                VALUE   (LST)  VALUE       VALUE  FROM      YEAR
                                                  NORMAL
..................................................................
TEMPERATURE (F)
 TODAY
  MAXIMUM         79    253 PM  92    1921  72      7       66
  MINIMUM         46    542 AM  31    1963  51     -5       57
  AVERAGE         63                        61      2       62

PRECIPITATION (IN)
  TODAY            0.00          1.85 1907   0.13  -0.13     0.03
  MONTH TO DATE    7.30                      2.78   4.52     4.00
  SINCE MAR 1     12.08                      8.43   3.65    11.32
  SINCE JAN 1     22.09                     12.67   9.42    18.31

SNOWFALL (IN)
  TODAY            0.0           0.0  2002   0.0    0.0      0.0
                                      2001
  MONTH TO DATE    0.0                       0.0    0.0      0.0
  SINCE MAR 1      9.1                       8.5    0.6      8.5
  SINCE JUL 1     93.1                      66.6   26.5     42.2
  SNOW DEPTH       0

DEGREE DAYS
 HEATING
  TODAY            2                         6     -4        3
  MONTH TO DATE   83                       188   -105      242
  SINCE MAR 1   1776                      1530    246     1494
  SINCE JUL 1   6469                      6219    250     5471

 COOLING
  TODAY            0                         2     -2        0
  MONTH TO DATE   22                        28     -6       25
  SINCE MAR 1     22                        38    -16       36
  SINCE JAN 1     22                        38    -16       36
..................................................................


WIND (MPH)
  RESULTANT WIND SPEED   2   RESULTANT WIND DIRECTION   N (350)
  HIGHEST WIND SPEED    12   HIGHEST WIND DIRECTION     W (290)
  HIGHEST GUST SPEED    15   HIGHEST GUST DIRECTION     W (290)
  AVERAGE WIND SPEED     3.2


SKY COVER
  POSSIBLE SUNSHINE  MM
  AVERAGE SKY COVER 0.0


WEATHER CONDITIONS
 THE FOLLOWING WEATHER WAS RECORDED TODAY.
  FOG


RELATIVE HUMIDITY (PERCENT)
 HIGHEST    93          1200 AM
 LOWEST     45           300 PM
 AVERAGE    69

..........................................................


THE SOUTH BEND CLIMATE NORMALS FOR TOMORROW
                         NORMAL    RECORD    YEAR
 MAXIMUM TEMPERATURE (F)   72        90      2007
 MINIMUM TEMPERATURE (F)   51        33      1925


SUNRISE AND SUNSET
MAY 23 2018...........SUNRISE   619 AM EDT   SUNSET   906 PM EDT
MAY 24 2018...........SUNRISE   618 AM EDT   SUNSET   907 PM EDT


-  INDICATES NEGATIVE NUMBERS.
R  INDICATES RECORD WAS SET OR TIED.
MM INDICATES DATA IS MISSING.
T  INDICATES TRACE AMOUNT.




$$
