000
CDUS44 KSHV 230742
CLISHV


CLIMATE REPORT
NATIONAL WEATHER SERVICE SHREVEPORT, LA
241 AM CDT WED MAY 23 2018


...................................

...THE SHREVEPORT CLIMATE SUMMARY FOR MAY 22 2018...

CLIMATE NORMAL PERIOD 1981 TO 2010
CLIMATE RECORD PERIOD 1874 TO 2018


WEATHER ITEM   OBSERVED TIME   RECORD YEAR NORMAL DEPARTURE LAST
                VALUE   (LST)  VALUE       VALUE  FROM      YEAR
                                                  NORMAL
..................................................................
TEMPERATURE (F)
 YESTERDAY
  MAXIMUM         89   1136 AM  96    1875  85      4       66
  MINIMUM         70    545 AM  46    1892  64      6       62
  AVERAGE         80                        75      5       64

PRECIPITATION (IN)
  YESTERDAY        T             5.79 1884   0.16  -0.16     1.02
  MONTH TO DATE    0.68                      3.50  -2.82     4.06
  SINCE DEC 1     27.86                     25.55   2.31    17.05
  SINCE JAN 1     23.74                     20.78   2.96    13.91

SNOWFALL (IN)
  YESTERDAY        0.0
  MONTH TO DATE    0.0
  SINCE MAR 1      T
  SINCE JUL 1      1.8
  SNOW DEPTH       0

DEGREE DAYS
 HEATING
  YESTERDAY        0                         0      0        1
  MONTH TO DATE    0                         5     -5        5
  SINCE MAR 1    280                       342    -62      169
  SINCE JUL 1   2040                      2224   -184     1200

 COOLING
  YESTERDAY       15                        10      5        0
  MONTH TO DATE  271                       164    107      131
  SINCE MAR 1    383                       289     94      387
  SINCE JAN 1    421                       299    122      457
..................................................................


WIND (MPH)
  HIGHEST WIND SPEED    15   HIGHEST WIND DIRECTION     W (270)
  HIGHEST GUST SPEED    19   HIGHEST GUST DIRECTION     W (260)
  AVERAGE WIND SPEED     3.5


SKY COVER
  POSSIBLE SUNSHINE  MM
  AVERAGE SKY COVER 0.7


WEATHER CONDITIONS
 THE FOLLOWING WEATHER WAS RECORDED YESTERDAY.
  THUNDERSTORM
  LIGHT RAIN


RELATIVE HUMIDITY (PERCENT)
 HIGHEST   100           200 AM
 LOWEST     55          1200 PM
 AVERAGE    78

..........................................................


THE SHREVEPORT CLIMATE NORMALS FOR TODAY
                         NORMAL    RECORD    YEAR
 MAXIMUM TEMPERATURE (F)   86        97      1886
 MINIMUM TEMPERATURE (F)   65        48      1963


SUNRISE AND SUNSET
MAY 23 2018...........SUNRISE   612 AM CDT   SUNSET   812 PM CDT
MAY 24 2018...........SUNRISE   612 AM CDT   SUNSET   813 PM CDT


-  INDICATES NEGATIVE NUMBERS.
R  INDICATES RECORD WAS SET OR TIED.
MM INDICATES DATA IS MISSING.
T  INDICATES TRACE AMOUNT.




$$
