000
CDUS46 KPQR 251444
CLISLE


CLIMATE REPORT
NATIONAL WEATHER SERVICE PORTLAND OREGON
743 AM PDT WED APR 25 2018


...................................

...THE SALEM OR CLIMATE SUMMARY FOR APRIL 24 2018...

CLIMATE NORMAL PERIOD 1981 TO 2010
CLIMATE RECORD PERIOD 1892 TO 2018


WEATHER ITEM   OBSERVED TIME   RECORD YEAR NORMAL DEPARTURE LAST
                VALUE   (LST)  VALUE       VALUE  FROM      YEAR
                                                  NORMAL
..................................................................
TEMPERATURE (F)
 YESTERDAY
  MAXIMUM         84R   311 PM  84    2018  63     21       58
                                      1910
  MINIMUM         39    525 AM  28    1986  40     -1       45
  AVERAGE         62                        52     10       52

PRECIPITATION (IN)
  YESTERDAY        0.00          0.42 2014   0.08  -0.08     0.38
  MONTH TO DATE    5.02                      2.36   2.66     3.40
  SINCE OCT 1     32.87                     33.26  -0.39    53.20
  SINCE JAN 1     17.77                     16.87   0.90    29.90

DEGREE DAYS
 HEATING
  YESTERDAY        3                        13    -10       13
  MONTH TO DATE  320                       363    -43      343
  SINCE MAR 1    912                       926    -14      862
  SINCE JUL 1   3837                      4166   -329     4020

 COOLING
  YESTERDAY        0                         0      0        0
  MONTH TO DATE    0                         0      0        0
  SINCE MAR 1      0                         0      0        0
  SINCE JAN 1      0                         0      0        0
..................................................................


WIND (MPH)
  HIGHEST WIND SPEED    16   HIGHEST WIND DIRECTION     N (360)
  HIGHEST GUST SPEED    20   HIGHEST GUST DIRECTION     N (360)
  AVERAGE WIND SPEED     5.2


SKY COVER
  POSSIBLE SUNSHINE  MM
  AVERAGE SKY COVER 0.0


WEATHER CONDITIONS
 THE FOLLOWING WEATHER WAS RECORDED YESTERDAY.
  NO SIGNIFICANT WEATHER WAS OBSERVED.


RELATIVE HUMIDITY (PERCENT)
 HIGHEST    67           300 AM
 LOWEST     20           200 PM
 AVERAGE    44

..........................................................


THE SALEM OR CLIMATE NORMALS FOR TODAY
                         NORMAL    RECORD    YEAR
 MAXIMUM TEMPERATURE (F)   63        84      1926
 MINIMUM TEMPERATURE (F)   41        28      1982


SUNRISE AND SUNSET
APRIL 25 2018.........SUNRISE   611 AM PDT   SUNSET   810 PM PDT
APRIL 26 2018.........SUNRISE   609 AM PDT   SUNSET   811 PM PDT


-  INDICATES NEGATIVE NUMBERS.
R  INDICATES RECORD WAS SET OR TIED.
MM INDICATES DATA IS MISSING.
T  INDICATES TRACE AMOUNT.




$$
