415
CDUS46 KMTR 190840
CLISNS


CLIMATE REPORT
NATIONAL WEATHER SERVICE SAN FRANCISCO BAY AREA
140 AM PDT THU APR 19 2018


...................................

...THE SALINAS AIRPORT CLIMATE SUMMARY FOR APRIL 18 2018...

CLIMATE NORMAL PERIOD 1981 TO 2010
CLIMATE RECORD PERIOD 1930 TO 2018


WEATHER ITEM   OBSERVED TIME   RECORD YEAR NORMAL DEPARTURE LAST
                VALUE   (LST)  VALUE       VALUE  FROM      YEAR
                                                  NORMAL
..................................................................
TEMPERATURE (F)
 YESTERDAY
  MAXIMUM         61   1255 PM  89    2016  67     -6       65
  MINIMUM         44    547 AM  31    1933  46     -2       53
  AVERAGE         53                        57     -4       59

PRECIPITATION (IN)
  YESTERDAY        0.00          0.72 1981   0.03  -0.03     0.04
  MONTH TO DATE    1.84                      0.66   1.18     0.80
  SINCE OCT 1      7.13                     11.92  -4.79    16.32
  SINCE JAN 1      6.35                      8.01  -1.66    12.32

DEGREE DAYS
 HEATING
  YESTERDAY       12                         8      4        6
  MONTH TO DATE  137                       162    -25      129
  SINCE MAR 1    453                       482    -29      368
  SINCE JUL 1   1841                      2296   -455     2130

 COOLING
  YESTERDAY        0                         0      0        0
  MONTH TO DATE    0                         0      0        0
  SINCE MAR 1      6                         1      5        1
  SINCE JAN 1      6                         1      5        1
..................................................................


WIND (MPH)
  RESULTANT WIND SPEED   4   RESULTANT WIND DIRECTION   W (250)
  HIGHEST WIND SPEED    18   HIGHEST WIND DIRECTION     W (250)
  HIGHEST GUST SPEED    24   HIGHEST GUST DIRECTION    SW (240)
  AVERAGE WIND SPEED     6.5


SKY COVER
  POSSIBLE SUNSHINE  MM
  AVERAGE SKY COVER 0.1


WEATHER CONDITIONS
 THE FOLLOWING WEATHER WAS RECORDED YESTERDAY.
  NO SIGNIFICANT WEATHER WAS OBSERVED.


RELATIVE HUMIDITY (PERCENT)
 HIGHEST    92           300 AM
 LOWEST     46           100 PM
 AVERAGE    69

..........................................................


THE SALINAS AIRPORT CLIMATE NORMALS FOR TODAY
                         NORMAL    RECORD    YEAR
 MAXIMUM TEMPERATURE (F)   67        96      2009
 MINIMUM TEMPERATURE (F)   47        37      1977


SUNRISE AND SUNSET
APRIL 19 2018.........SUNRISE   627 AM PDT   SUNSET   744 PM PDT
APRIL 20 2018.........SUNRISE   626 AM PDT   SUNSET   745 PM PDT


-  INDICATES NEGATIVE NUMBERS.
R  INDICATES RECORD WAS SET OR TIED.
MM INDICATES DATA IS MISSING.
T  INDICATES TRACE AMOUNT.




$$
