000
CDUS45 KPIH 212322
CLISNT


CLIMATE REPORT
NATIONAL WEATHER SERVICE POCATELLO ID
521 PM MDT MON MAY 21 2018


...................................

...THE STANLEY ID CLIMATE SUMMARY FOR MAY 21 2018...
VALID TODAY AS OF 0500 PM LOCAL TIME.

CLIMATE NORMAL PERIOD 1981 TO 2010
CLIMATE RECORD PERIOD 1916 TO 2018


WEATHER ITEM   OBSERVED TIME   RECORD YEAR NORMAL DEPARTURE LAST
                VALUE   (LST)  VALUE       VALUE  FROM      YEAR
                                                  NORMAL
..................................................................
TEMPERATURE (F)
 TODAY
  MAXIMUM         67    312 PM  77    1980  60      7       66
  MINIMUM         44    149 AM  19    1968  30     14       29
  AVERAGE         56                        45     11       48

PRECIPITATION (IN)
  TODAY            0.00          0.37 1998   0.06  -0.06     0.00
  MONTH TO DATE    0.93                      1.19  -0.26     1.14
  SINCE OCT 1     17.15                     12.88   4.27    26.66
  SINCE JAN 1      8.91                      8.03   0.88    15.33

SNOWFALL (IN)
  TODAY           MM
  MONTH TO DATE   MM
  SINCE MAR 1     MM
  SINCE JUL 1     MM
  SNOW DEPTH      MM

DEGREE DAYS
 HEATING
  TODAY            9                        20    -11       17
  MONTH TO DATE  356                       490   -134      442
  SINCE MAR 1   2428                      2616   -188     2394
  SINCE JUL 1   9073                     10150  -1077     9651

 COOLING
  TODAY            0                         0      0        0
  MONTH TO DATE    0                         0      0        0
  SINCE MAR 1      0                         0      0        0
  SINCE JAN 1      0                         0      0        0
..................................................................


WIND (MPH)
  HIGHEST WIND SPEED    10   HIGHEST WIND DIRECTION    NW (330)
  HIGHEST GUST SPEED    16   HIGHEST GUST DIRECTION     N (340)
  AVERAGE WIND SPEED     2.4


SKY COVER
  POSSIBLE SUNSHINE  MM
  AVERAGE SKY COVER 0.0


WEATHER CONDITIONS
 THE FOLLOWING WEATHER WAS RECORDED TODAY.
  NO SIGNIFICANT WEATHER WAS OBSERVED.


RELATIVE HUMIDITY (PERCENT)
 HIGHEST   100           500 AM
 LOWEST     37           300 PM
 AVERAGE    69

..........................................................


THE STANLEY ID CLIMATE NORMALS FOR TOMORROW
                         NORMAL    RECORD    YEAR
 MAXIMUM TEMPERATURE (F)   60        79      1919
 MINIMUM TEMPERATURE (F)   30        20      1987


SUNRISE AND SUNSET
MAY 21 2018...........SUNRISE   607 AM MDT   SUNSET   906 PM MDT
MAY 22 2018...........SUNRISE   606 AM MDT   SUNSET   907 PM MDT


-  INDICATES NEGATIVE NUMBERS.
R  INDICATES RECORD WAS SET OR TIED.
MM INDICATES DATA IS MISSING.
T  INDICATES TRACE AMOUNT.




$$
