000
CDUS43 KEAX 210633
CLISTJ


CLIMATE REPORT
NATIONAL WEATHER SERVICE KANSAS CITY/PLEASANT HILL MO
133 AM CDT SAT APR 21 2018


...................................

...THE ST. JOSEPH MO CLIMATE SUMMARY FOR APRIL 20 2018...

CLIMATE NORMAL PERIOD 1981 TO 2010
CLIMATE RECORD PERIOD 1892 TO 2018


WEATHER ITEM   OBSERVED TIME   RECORD YEAR NORMAL DEPARTURE LAST
                VALUE   (LST)  VALUE       VALUE  FROM      YEAR
                                                  NORMAL
..................................................................
TEMPERATURE (F)
 YESTERDAY
  MAXIMUM         64    211 PM  89    1987  67     -3       66
  MINIMUM         28    208 AM  24    2013  44    -16       47
  AVERAGE         46                        56    -10       57

PRECIPITATION (IN)
  YESTERDAY        0.00          1.72 1933   0.14  -0.14     0.34
  MONTH TO DATE    0.23                      2.18  -1.95     2.83
  SINCE MAR 1      0.58                      4.43  -3.85     5.40
  SINCE JAN 1      2.04                      5.92  -3.88     6.42

DEGREE DAYS
 HEATING
  YESTERDAY       19                        10      9        8
  MONTH TO DATE  494                       259    235      147
  SINCE MAR 1   1191                       944    247      714
  SINCE JUL 1   5062                      5252   -190     4011

 COOLING
  YESTERDAY        0                         1     -1        0
  MONTH TO DATE    2                        13    -11       14
  SINCE MAR 1      2                        15    -13       18
  SINCE JAN 1      2                        15    -13       18
..................................................................


WIND (MPH)
  HIGHEST WIND SPEED    21   HIGHEST WIND DIRECTION    SE (130)
  HIGHEST GUST SPEED    31   HIGHEST GUST DIRECTION    SE (120)
  AVERAGE WIND SPEED     9.1


SKY COVER
  POSSIBLE SUNSHINE  MM
  AVERAGE SKY COVER 0.0


WEATHER CONDITIONS
 THE FOLLOWING WEATHER WAS RECORDED YESTERDAY.
  NO SIGNIFICANT WEATHER WAS OBSERVED.


RELATIVE HUMIDITY (PERCENT)
 HIGHEST    92           400 AM
 LOWEST     25           400 PM
 AVERAGE    59

..........................................................


THE ST. JOSEPH MO CLIMATE NORMALS FOR TODAY
                         NORMAL    RECORD    YEAR
 MAXIMUM TEMPERATURE (F)   67        91      1980
 MINIMUM TEMPERATURE (F)   44        20      1966


SUNRISE AND SUNSET
APRIL 21 2018.........SUNRISE   633 AM CDT   SUNSET   804 PM CDT
APRIL 22 2018.........SUNRISE   632 AM CDT   SUNSET   805 PM CDT


-  INDICATES NEGATIVE NUMBERS.
R  INDICATES RECORD WAS SET OR TIED.
MM INDICATES DATA IS MISSING.
T  INDICATES TRACE AMOUNT.




$$
