000
CDUS45 KPUB 261039
CLITAD


CLIMATE REPORT
NATIONAL WEATHER SERVICE PUEBLO
439 AM MDT THU APR 26 2018


...................................

...THE TRINIDAD CO CLIMATE SUMMARY FOR APRIL 25 2018...

CLIMATE NORMAL PERIOD 1981 TO 2010
CLIMATE RECORD PERIOD 9999 TO 9999


WEATHER ITEM   OBSERVED TIME   NORMAL DEPARTURE LAST
                VALUE   (LST)  VALUE  FROM      YEAR
                                      NORMAL
......................................................
TEMPERATURE (F)
 YESTERDAY
  MAXIMUM         67    311 PM  68     -1       57
  MINIMUM         28    540 AM  37     -9       33
  AVERAGE         48            53     -5       45

PRECIPITATION (IN)
  YESTERDAY        0.03          0.04  -0.01     0.60
  MONTH TO DATE    0.28          0.92  -0.64     2.00
  SINCE MAR 1      0.93          1.81  -0.88     3.91
  SINCE JAN 1      1.35          2.70  -1.35     5.47

DEGREE DAYS
 HEATING
  YESTERDAY       17            13      4       20
  MONTH TO DATE  404           403      1      296
  SINCE MAR 1    993          1110   -117      767
  SINCE JUL 1   4517          5232   -715     4223

 COOLING
  YESTERDAY        0             0      0        0
  MONTH TO DATE    1             0      1        2
  SINCE MAR 1      1             0      1        3
  SINCE JAN 1      1             0      1        3
......................................................


WIND (MPH)
  HIGHEST WIND SPEED    12   HIGHEST WIND DIRECTION     W (250)
  HIGHEST GUST SPEED    18   HIGHEST GUST DIRECTION     N (10)
  AVERAGE WIND SPEED     4.8


SKY COVER
  POSSIBLE SUNSHINE  MM
  AVERAGE SKY COVER 0.2


WEATHER CONDITIONS
 THE FOLLOWING WEATHER WAS RECORDED YESTERDAY.
  LIGHT SNOW
  FOG


RELATIVE HUMIDITY (PERCENT)
 HIGHEST   100          1200 AM
 LOWEST     10           400 PM
 AVERAGE    55

..........................................................




SUNRISE AND SUNSET
APRIL 26 2018.........SUNRISE   608 AM MDT   SUNSET   742 PM MDT
APRIL 27 2018.........SUNRISE   607 AM MDT   SUNSET   743 PM MDT


-  INDICATES NEGATIVE NUMBERS.
R  INDICATES RECORD WAS SET OR TIED.
MM INDICATES DATA IS MISSING.
T  INDICATES TRACE AMOUNT.




$$
