000
CDUS43 KAPX 272129
CLITVC


CLIMATE REPORT
NATIONAL WEATHER SERVICE GAYLORD MI
528 PM EDT SUN MAY 27 2018


...................................

...THE TRAVERSE CITY MI CLIMATE SUMMARY FOR MAY 27 2018...
VALID TODAY AS OF 0500 PM LOCAL TIME.

CLIMATE NORMAL PERIOD 1981 TO 2010
CLIMATE RECORD PERIOD 1896 TO 2018


WEATHER ITEM   OBSERVED TIME   RECORD YEAR NORMAL DEPARTURE LAST
                VALUE   (LST)  VALUE       VALUE  FROM      YEAR
                                                  NORMAL
..................................................................
TEMPERATURE (F)
 TODAY
  MAXIMUM         92   1224 PM  93    1978  69     23       76
  MINIMUM         61    318 AM  28    1961  45     16       50
  AVERAGE         77                        57     20       63

PRECIPITATION (IN)
  TODAY            T             1.84 1932   0.09  -0.09     0.00
  MONTH TO DATE    2.25                      2.25   0.00     1.12
  SINCE MAR 1      6.26                      6.89  -0.63     5.56
  SINCE JAN 1      8.67                     11.21  -2.54     8.89

DEGREE DAYS
 HEATING
  TODAY            0                         9     -9        2
  MONTH TO DATE  207                       339   -132      339
  SINCE MAR 1   2163                      2066     97     1873
  SINCE JUL 1   7066                      7406   -340     6046

 COOLING
  TODAY           12                         1     11        0
  MONTH TO DATE   51                        10     41       18
  SINCE MAR 1     51                        13     38       21
  SINCE JAN 1     51                        13     38       21
..................................................................


WIND (MPH)
  RESULTANT WIND SPEED   1   RESULTANT WIND DIRECTION   W (250)
  HIGHEST WIND SPEED    20   HIGHEST WIND DIRECTION     N (340)
  HIGHEST GUST SPEED    30   HIGHEST GUST DIRECTION     N (350)
  AVERAGE WIND SPEED     6.1


SKY COVER
  POSSIBLE SUNSHINE  MM
  AVERAGE SKY COVER 0.3


WEATHER CONDITIONS
 THE FOLLOWING WEATHER WAS RECORDED TODAY.
  THUNDERSTORM


RELATIVE HUMIDITY (PERCENT)
 HIGHEST    93           400 AM
 LOWEST     44          1200 PM
 AVERAGE    69

..........................................................




SUNRISE AND SUNSET
MAY 27 2018...........SUNRISE   603 AM EDT   SUNSET   916 PM EDT
MAY 28 2018...........SUNRISE   602 AM EDT   SUNSET   917 PM EDT


-  INDICATES NEGATIVE NUMBERS.
R  INDICATES RECORD WAS SET OR TIED.
MM INDICATES DATA IS MISSING.
T  INDICATES TRACE AMOUNT.




$$
