000
CDUS44 KSHV 220755
CLITXK


CLIMATE REPORT
NATIONAL WEATHER SERVICE SHREVEPORT, LA
254 AM CDT SUN APR 22 2018


...................................

...THE TEXARKANA CLIMATE SUMMARY FOR APRIL 21 2018...

CLIMATE NORMAL PERIOD 1981 TO 2010
CLIMATE RECORD PERIOD 1896 TO 2018


WEATHER ITEM   OBSERVED TIME   RECORD YEAR NORMAL DEPARTURE LAST
                VALUE   (LST)  VALUE       VALUE  FROM      YEAR
                                                  NORMAL
..................................................................
TEMPERATURE (F)
 YESTERDAY
  MAXIMUM         71   1136 AM  91    1913  77     -6       82
  MINIMUM         44    149 AM  37    1993  54    -10       67
  AVERAGE         58                        65     -7       75

PRECIPITATION (IN)
  YESTERDAY        0.97          3.30 1964   0.14   0.83     0.00
  MONTH TO DATE    2.31                      2.62  -0.31     3.12
  SINCE DEC 1     29.58                     19.26  10.32    20.86
  SINCE JAN 1     22.99                     14.21   8.78    14.44

SNOWFALL (IN)
  YESTERDAY        0.0
  MONTH TO DATE    0.0
  SINCE MAR 1      0.0
  SINCE JUL 1      2.0
  SNOW DEPTH       0

DEGREE DAYS
 HEATING
  YESTERDAY        7                         3      4        0
  MONTH TO DATE  167                        93     74       23
  SINCE MAR 1    386                       393     -7      222
  SINCE JUL 1   2501                      2587    -86     1673

 COOLING
  YESTERDAY        0                         3     -3       10
  MONTH TO DATE   16                        44    -28       76
  SINCE MAR 1     44                        63    -19      125
  SINCE JAN 1     58                        67     -9      157
..................................................................


WIND (MPH)
  HIGHEST WIND SPEED    17   HIGHEST WIND DIRECTION    NW (320)
  HIGHEST GUST SPEED    24   HIGHEST GUST DIRECTION    SE (140)
  AVERAGE WIND SPEED     5.9


SKY COVER
  POSSIBLE SUNSHINE  MM
  AVERAGE SKY COVER 0.3


WEATHER CONDITIONS
 THE FOLLOWING WEATHER WAS RECORDED YESTERDAY.
  THUNDERSTORM
  HEAVY RAIN
  RAIN
  LIGHT RAIN
  FOG


RELATIVE HUMIDITY (PERCENT)
 HIGHEST   100           600 PM
 LOWEST     47          1200 PM
 AVERAGE    74

..........................................................


THE TEXARKANA CLIMATE NORMALS FOR TODAY
                         NORMAL    RECORD    YEAR
 MAXIMUM TEMPERATURE (F)   77        89      2009
 MINIMUM TEMPERATURE (F)   54        29      1931


SUNRISE AND SUNSET
APRIL 22 2018.........SUNRISE   637 AM CDT   SUNSET   752 PM CDT
APRIL 23 2018.........SUNRISE   636 AM CDT   SUNSET   753 PM CDT


-  INDICATES NEGATIVE NUMBERS.
R  INDICATES RECORD WAS SET OR TIED.
MM INDICATES DATA IS MISSING.
T  INDICATES TRACE AMOUNT.




$$
