000
CDUS44 KMRX 190843
CLITYS


CLIMATE REPORT
NATIONAL WEATHER SERVICE MORRISTOWN TN
443 AM EDT THU APR 19 2018


...................................

...THE KNOXVILLE    ASOS CLIMATE SUMMARY FOR APRIL 18 2018...

CLIMATE NORMAL PERIOD 1981 TO 2010
CLIMATE RECORD PERIOD 1871 TO 2018


WEATHER ITEM   OBSERVED TIME   RECORD YEAR NORMAL DEPARTURE LAST
                VALUE   (LST)  VALUE       VALUE  FROM      YEAR
                                                  NORMAL
..................................................................
TEMPERATURE (F)
 YESTERDAY
  MAXIMUM         79    401 PM  90    1896  71      8       70
  MINIMUM         58    616 AM  24    1875  48     10       61
  AVERAGE         69                        60      9       66

PRECIPITATION (IN)
  YESTERDAY        0.00          1.84 1924   0.13  -0.13     0.47
  MONTH TO DATE    2.45                      2.37   0.08     3.45
  SINCE MAR 1      7.59                      6.71   0.88     9.18
  SINCE JAN 1     17.41                     15.29   2.12    15.12

SNOWFALL (IN)
  YESTERDAY        0.0                       0.1   -0.1      0.0
  MONTH TO DATE    T                         0.5   -0.5      0.0
  SINCE MAR 1      T                         1.4   -1.4       T
  SINCE JUL 1      2.6                       6.5   -3.9      2.3
  SNOW DEPTH       0

DEGREE DAYS
 HEATING
  YESTERDAY        0                         7     -7        0
  MONTH TO DATE  191                       158     33       66
  SINCE MAR 1    696                       619     77      465
  SINCE JUL 1   3429                      3515    -86     2524

 COOLING
  YESTERDAY        4                         1      3        1
  MONTH TO DATE   12                        16     -4       36
  SINCE MAR 1     16                        21     -5       39
  SINCE JAN 1     34                        21     13       39
..................................................................


WIND (MPH)
  HIGHEST WIND SPEED    31   HIGHEST WIND DIRECTION    SW (220)
  HIGHEST GUST SPEED    39   HIGHEST GUST DIRECTION    SW (230)
  AVERAGE WIND SPEED    19.0


SKY COVER
  POSSIBLE SUNSHINE  MM
  AVERAGE SKY COVER 0.4


WEATHER CONDITIONS
 THE FOLLOWING WEATHER WAS RECORDED YESTERDAY.
  NO SIGNIFICANT WEATHER WAS OBSERVED.


RELATIVE HUMIDITY (PERCENT)
 HIGHEST    73          1100 PM
 LOWEST     37          1200 PM
 AVERAGE    55

..........................................................


THE KNOXVILLE    ASOS CLIMATE NORMALS FOR TODAY
                         NORMAL    RECORD    YEAR
 MAXIMUM TEMPERATURE (F)   71        90      1941
 MINIMUM TEMPERATURE (F)   48        29      1983


SUNRISE AND SUNSET
APRIL 19 2018.........SUNRISE   658 AM EDT   SUNSET   813 PM EDT
APRIL 20 2018.........SUNRISE   657 AM EDT   SUNSET   814 PM EDT


-  INDICATES NEGATIVE NUMBERS.
R  INDICATES RECORD WAS SET OR TIED.
MM INDICATES DATA IS MISSING.
T  INDICATES TRACE AMOUNT.




$$
