000
CDUS43 KUNR 220833
CLIUNR


CLIMATE REPORT
NATIONAL WEATHER SERVICE RAPID CITY SD
231 AM MDT SUN APR 22 2018


...................................

...THE EAST RAPID CITY SD CLIMATE SUMMARY FOR APRIL 21 2018...

CLIMATE NORMAL PERIOD 1981 TO 2010
CLIMATE RECORD PERIOD 1888 TO 2018


WEATHER ITEM   OBSERVED RECORD YEAR NORMAL DEPARTURE LAST
                VALUE   VALUE       VALUE  FROM      YEAR
                                           NORMAL
...........................................................
TEMPERATURE (F)
 YESTERDAY
  MAXIMUM         56     86    1901  58     -2       59
  MINIMUM         35     12    1927  36     -1       38
  AVERAGE         46                 47     -1       49

PRECIPITATION (IN)
  YESTERDAY        T      1.03 2005   0.08  -0.08     0.00
  MONTH TO DATE    1.45               1.30   0.15     1.23
  SINCE MAR 1      2.98               2.29   0.69     2.03
  SINCE JAN 1      4.17               3.06   1.11     2.82

SNOWFALL (IN)
  YESTERDAY        0.0    6.1  1902   0.2   -0.2      0.0
  MONTH TO DATE   18.8                6.9   11.9      1.4
  SINCE MAR 1     34.3               18.7   15.6      2.7
  SINCE JUL 1     66.4               45.4   21.0     35.9
  SNOW DEPTH       0

DEGREE DAYS
 HEATING
  YESTERDAY       19                 18      1       16
  MONTH TO DATE  647                457    190      340
  SINCE MAR 1   1595               1365    230     1109
  SINCE JUL 1   6697               6319    378     5705

 COOLING
  YESTERDAY        0                  0      0        0
  MONTH TO DATE    0                  0      0        0
  SINCE MAR 1      0                  0      0        0
  SINCE JAN 1      0                  0      0        0
...........................................................


WIND (MPH)
  HIGHEST GUST SPEED    37   HIGHEST GUST DIRECTION     S (160)



WEATHER CONDITIONS
 THE FOLLOWING WEATHER WAS RECORDED YESTERDAY.
  LIGHT RAIN


..........................................................


THE EAST RAPID CITY SD CLIMATE NORMALS FOR TODAY
                         NORMAL    RECORD    YEAR
 MAXIMUM TEMPERATURE (F)   58        85      1939
 MINIMUM TEMPERATURE (F)   36        17      1967


SUNRISE AND SUNSET
APRIL 22 2018.........SUNRISE   558 AM MDT   SUNSET   746 PM MDT
APRIL 23 2018.........SUNRISE   556 AM MDT   SUNSET   747 PM MDT


-  INDICATES NEGATIVE NUMBERS.
R  INDICATES RECORD WAS SET OR TIED.
MM INDICATES DATA IS MISSING.
T  INDICATES TRACE AMOUNT.




$$
