000
CDUS44 KCRP 220823
CLIVCT

CLIMATE REPORT
NATIONAL WEATHER SERVICE CORPUS CHRISTI TX
323 AM CDT SUN APR 22 2018


...................................

...THE VICTORIA CLIMATE SUMMARY FOR APRIL 21 2018...

CLIMATE NORMAL PERIOD 1981 TO 2010
CLIMATE RECORD PERIOD 1893 TO 2018


WEATHER ITEM   OBSERVED TIME   RECORD YEAR NORMAL DEPARTURE LAST
                VALUE   (LST)  VALUE       VALUE  FROM      YEAR
                                                  NORMAL
..................................................................
TEMPERATURE (F)
 YESTERDAY
  MAXIMUM         74    339 PM  94    2009  82     -8       87
                                      1909
  MINIMUM         62    446 AM  45    1953  61      1       69
  AVERAGE         68                        71     -3       78

PRECIPITATION (IN)
  YESTERDAY        0.63          0.96 1957   0.09   0.54     0.00
  MONTH TO DATE    1.38                      1.87  -0.49     2.78
  SINCE MAR 1      3.33                      4.64  -1.31     7.76
  SINCE JAN 1      5.51                      9.24  -3.73    16.36

SNOWFALL (IN)
  YESTERDAY        0.0
  MONTH TO DATE    0.0
  SINCE MAR 1      0.0
  SINCE JUL 1      2.0
  SNOW DEPTH       0

DEGREE DAYS
 HEATING
  YESTERDAY        0                         1     -1        0
  MONTH TO DATE   31                        28      3        2
  SINCE MAR 1     86                       153    -67       36
  SINCE JUL 1   1133                      1246   -113      567

 COOLING
  YESTERDAY        3                         7     -4       13
  MONTH TO DATE   89                       108    -19      170
  SINCE MAR 1    239                       182     57      350
  SINCE JAN 1    329                       220    109      557
..................................................................


WIND (MPH)
  HIGHEST WIND SPEED    18   HIGHEST WIND DIRECTION    SE (150)
  HIGHEST GUST SPEED    22   HIGHEST GUST DIRECTION    SE (150)
  AVERAGE WIND SPEED     9.2


SKY COVER
  POSSIBLE SUNSHINE  MM
  AVERAGE SKY COVER 0.9


WEATHER CONDITIONS
 THE FOLLOWING WEATHER WAS RECORDED YESTERDAY.
  HEAVY RAIN
  RAIN
  LIGHT RAIN
  FOG
  HAZE


RELATIVE HUMIDITY (PERCENT)
 HIGHEST    97          1100 PM
 LOWEST     78          1200 AM
 AVERAGE    88

..........................................................


THE VICTORIA CLIMATE NORMALS FOR TODAY
                         NORMAL    RECORD    YEAR
 MAXIMUM TEMPERATURE (F)   82        94      2009
 MINIMUM TEMPERATURE (F)   61        42      1931


SUNRISE AND SUNSET
APRIL 22 2018.........SUNRISE   655 AM CDT   SUNSET   758 PM CDT
APRIL 23 2018.........SUNRISE   654 AM CDT   SUNSET   759 PM CDT


-  INDICATES NEGATIVE NUMBERS.
R  INDICATES RECORD WAS SET OR TIED.
MM INDICATES DATA IS MISSING.
T  INDICATES TRACE AMOUNT.




$$
