000
CDUS42 KFFC 200819
CLIVPC


CLIMATE REPORT
NATIONAL WEATHER SERVICE PEACHTREE CITY GA
418 AM EDT FRI APR 20 2018


...................................

...THE CARTERSVILLE CLIMATE SUMMARY FOR APRIL 19 2018...

CLIMATE NORMAL PERIOD 1981 TO 2010
CLIMATE RECORD PERIOD 9999 TO 9999


WEATHER ITEM   OBSERVED TIME   RECORD YEAR NORMAL DEPARTURE LAST
                VALUE   (LST)  VALUE       VALUE  FROM      YEAR
                                                  NORMAL
..................................................................
TEMPERATURE (F)
 YESTERDAY
  MAXIMUM         67   1209 AM  MM      MM  73     -6       80
  MINIMUM         46   1159 PM  MM      MM  47     -1       62
  AVERAGE         57                        60     -3       71

PRECIPITATION (IN)
  YESTERDAY        0.00         MM      MM   0.13  -0.13     0.01
  MONTH TO DATE    1.28                      2.29  -1.01     2.45
  SINCE MAR 1      6.58                      7.01  -0.43     5.87
  SINCE JAN 1     16.60                     16.51   0.09    14.41

SNOWFALL (IN)
  YESTERDAY        0.0          MM      MM  MM     MM        0.0
  MONTH TO DATE    0.0                      MM     MM        0.0
  SINCE MAR 1      0.0                      MM     MM        0.0
  SINCE JUL 1      0.0                      MM     MM         T
  SNOW DEPTH       0

DEGREE DAYS
 HEATING
  YESTERDAY        8                         6      2        0
  MONTH TO DATE  161                       148     13       63
  SINCE MAR 1    604                       564     40      381
  SINCE JUL 1   2983                      3176   -193     2211

 COOLING
  YESTERDAY        0                         1     -1        6
  MONTH TO DATE    6                         8     -2       34
  SINCE MAR 1      6                        12     -6       55
  SINCE JAN 1     26                        12     14       55
..................................................................


WIND (MPH)
  RESULTANT WIND SPEED   3   RESULTANT WIND DIRECTION   N (20)
  HIGHEST WIND SPEED    17   HIGHEST WIND DIRECTION     N (360)
  HIGHEST GUST SPEED    25   HIGHEST GUST DIRECTION     N (20)
  AVERAGE WIND SPEED     6.0


SKY COVER
  AVERAGE SKY COVER 0.2


WEATHER CONDITIONS
 THE FOLLOWING WEATHER WAS RECORDED YESTERDAY.
  HAZE


RELATIVE HUMIDITY (PERCENT)
 HIGHEST    84           400 AM
 LOWEST     39           400 PM
 AVERAGE    62

..........................................................


THE CARTERSVILLE CLIMATE NORMALS FOR TODAY
                         NORMAL    RECORD    YEAR
 MAXIMUM TEMPERATURE (F)   74        MM        MM
 MINIMUM TEMPERATURE (F)   47        MM        MM


SUNRISE AND SUNSET
APRIL 20 2018.........SUNRISE   702 AM EDT   SUNSET   815 PM EDT
APRIL 21 2018.........SUNRISE   701 AM EDT   SUNSET   816 PM EDT


-  INDICATES NEGATIVE NUMBERS.
R  INDICATES RECORD WAS SET OR TIED.
MM INDICATES DATA IS MISSING.
T  INDICATES TRACE AMOUNT.




$$
