977
CDUS43 KLOT 190640
CLIVPZ


CLIMATE REPORT
NATIONAL WEATHER SERVICE CHICAGO IL
139 AM CDT THU APR 19 2018


...................................

...THE VALPARAISO CLIMATE SUMMARY FOR APRIL 18 2018...

CLIMATE NORMAL PERIOD 1981 TO 2010
CLIMATE RECORD PERIOD 1998 TO 2018


WEATHER ITEM   OBSERVED TIME   RECORD YEAR NORMAL DEPARTURE LAST
                VALUE   (LST)  VALUE       VALUE  FROM      YEAR
                                                  NORMAL
..................................................................
TEMPERATURE (F)
 YESTERDAY
  MAXIMUM         42    221 PM  88    2002  61    -19       78
                                      2002
  MINIMUM         24R   444 AM  27    2001  39    -15       42
                                      1926
  AVERAGE         33                        50    -17       60

PRECIPITATION (IN)
  YESTERDAY        0.02          1.40 2013   0.12  -0.10     0.00
  MONTH TO DATE    1.24                      2.01  -0.77     2.77
  SINCE MAR 1      2.25                      4.49  -2.24     5.82
  SINCE JAN 1      8.27                      7.66   0.61     9.26

DEGREE DAYS
 HEATING
  YESTERDAY       32                        15     17        5
  MONTH TO DATE  465                       327    138      219
  SINCE MAR 1   1321                      1172    149     1001
  SINCE JUL 1   5623                      5904   -281     4715

 COOLING
  YESTERDAY        0                         0      0        0
  MONTH TO DATE    0                         0      0        6
  SINCE MAR 1      0                         0      0        6
  SINCE JAN 1      0                         0      0        6
..................................................................


WIND (MPH)
  RESULTANT WIND SPEED   4   RESULTANT WIND DIRECTION  NE (60)
  HIGHEST WIND SPEED    21   HIGHEST WIND DIRECTION     E (70)
  HIGHEST GUST SPEED    25   HIGHEST GUST DIRECTION     E (80)
  AVERAGE WIND SPEED     7.6



WEATHER CONDITIONS
 THE FOLLOWING WEATHER WAS RECORDED YESTERDAY.
  LIGHT RAIN
  LIGHT SNOW
  FOG


..........................................................


THE VALPARAISO CLIMATE NORMALS FOR TODAY
                         NORMAL    RECORD    YEAR
 MAXIMUM TEMPERATURE (F)   61        81      2003
 MINIMUM TEMPERATURE (F)   40        30      2014
                                             1999


SUNRISE AND SUNSET
APRIL 19 2018.........SUNRISE   602 AM CDT   SUNSET   733 PM CDT
APRIL 20 2018.........SUNRISE   601 AM CDT   SUNSET   734 PM CDT


-  INDICATES NEGATIVE NUMBERS.
R  INDICATES RECORD WAS SET OR TIED.
MM INDICATES DATA IS MISSING.
T  INDICATES TRACE AMOUNT.




$$
