049
CDUS42 KMLB 190631
CLIVRB


CLIMATE REPORT
NATIONAL WEATHER SERVICE MELBOURNE FL
231 AM EDT THU APR 19 2018


...................................

...THE VERO BEACH CLIMATE SUMMARY FOR APRIL 18 2018...

CLIMATE NORMAL PERIOD 1981 TO 2010
CLIMATE RECORD PERIOD 1942 TO 2018


WEATHER ITEM   OBSERVED TIME   RECORD YEAR NORMAL DEPARTURE LAST
                VALUE   (LST)  VALUE       VALUE  FROM      YEAR
                                                  NORMAL
..................................................................
TEMPERATURE (F)
 YESTERDAY
  MAXIMUM         81    339 PM  92    2015  81      0       83
  MINIMUM         49    503 AM  45    1983  61    -12       62
  AVERAGE         65                        71     -6       73

PRECIPITATION (IN)
  YESTERDAY        0.00          1.52 2010   0.08  -0.08     0.00
  MONTH TO DATE    2.48                      1.70   0.78     2.63
  SINCE MAR 1      2.80                      5.82  -3.02     4.25
  SINCE JAN 1      6.01                     10.99  -4.98     6.21

SNOWFALL (IN)
  YESTERDAY        0.0
  MONTH TO DATE    0.0
  SINCE JUL 1      0.0

DEGREE DAYS
 HEATING
  YESTERDAY        0                         0      0        0
  MONTH TO DATE    2                        13    -11        3
  SINCE MAR 1     98                        68     30       42
  SINCE JUL 1    365                       453    -88      185

 COOLING
  YESTERDAY        0                         6     -6        8
  MONTH TO DATE  143                       101     42      156
  SINCE MAR 1    235                       230      5      313
  SINCE JAN 1    524                       369    155      514
..................................................................


WIND (MPH)
  HIGHEST WIND SPEED    14   HIGHEST WIND DIRECTION    SE (130)
  HIGHEST GUST SPEED    17   HIGHEST GUST DIRECTION     E (100)
  AVERAGE WIND SPEED     6.6


SKY COVER
  AVERAGE SKY COVER 0.0


WEATHER CONDITIONS
 THE FOLLOWING WEATHER WAS RECORDED YESTERDAY.
  NO SIGNIFICANT WEATHER WAS OBSERVED.


RELATIVE HUMIDITY (PERCENT)
 HIGHEST   100           700 AM
 LOWEST     33           200 PM
 AVERAGE    67

..........................................................


THE VERO BEACH CLIMATE NORMALS FOR TODAY
                         NORMAL    RECORD    YEAR
 MAXIMUM TEMPERATURE (F)   81        93      1969
 MINIMUM TEMPERATURE (F)   62        43      1999


SUNRISE AND SUNSET
APRIL 19 2018.........SUNRISE   653 AM EDT   SUNSET   749 PM EDT
APRIL 20 2018.........SUNRISE   652 AM EDT   SUNSET   749 PM EDT


-  INDICATES NEGATIVE NUMBERS.
R  INDICATES RECORD WAS SET OR TIED.
MM INDICATES DATA IS MISSING.
T  INDICATES TRACE AMOUNT.




$$
