000
CDUS46 KLOX 190914
CLIWJF


CLIMATE REPORT
NATIONAL WEATHER SERVICE LOS ANGELES/OXNARD CA
214 AM PDT THU APR 19 2018


...................................

...THE LANCASTER FOX FIELD CA CLIMATE SUMMARY FOR APRIL 18 2018...

CLIMATE NORMAL PERIOD 1981 TO 2010
CLIMATE RECORD PERIOD 1948 TO 2018


WEATHER ITEM   OBSERVED TIME   RECORD YEAR NORMAL DEPARTURE
                VALUE   (LST)  VALUE       VALUE  FROM
                                                  NORMAL
...............................................................
TEMPERATURE (F)
 YESTERDAY
  MAXIMUM         71   1250 PM  93    1954  74     -3
  MINIMUM         30R   522 AM  31    2013  45    -15
  AVERAGE         51                        60     -9

PRECIPITATION (IN)
  YESTERDAY        0.00          0.42 1983   0.01  -0.01
  MONTH TO DATE    0.09                      0.25  -0.16
  SINCE OCT 1      2.76                      6.80  -4.04
  SINCE JAN 1      2.74                      4.67  -1.93

SNOWFALL (IN)
  YESTERDAY        0.0           0.0    MM
  MONTH TO DATE    0.0
  SINCE MAR 1      0.0
  SINCE JUL 1      0.0
  SNOW DEPTH       0

DEGREE DAYS
 HEATING
  YESTERDAY       14                                8
  MONTH TO DATE   85                              -63
  SINCE MAR 1    471                              -45
  SINCE JUL 1   2456                             -353

 COOLING
  YESTERDAY        0                               -1
  MONTH TO DATE   20                               11
  SINCE MAR 1     20                                9
  SINCE JAN 1     20                                9
...............................................................


WIND (MPH)
  HIGHEST WIND SPEED    26   HIGHEST WIND DIRECTION    SW (240)
  HIGHEST GUST SPEED    34   HIGHEST GUST DIRECTION    SW (240)
  AVERAGE WIND SPEED     9.4




RELATIVE HUMIDITY (PERCENT)
 HIGHEST    69
 LOWEST     14
 AVERAGE    42

..........................................................


THE LANCASTER FOX FIELD CA CLIMATE NORMALS FOR TODAY
                         NORMAL    RECORD    YEAR
 MAXIMUM TEMPERATURE (F)   74        94      1950
 MINIMUM TEMPERATURE (F)   46        29      2007


SUNRISE AND SUNSET
APRIL 19 2018.........SUNRISE   616 AM PDT   SUNSET   728 PM PDT
APRIL 20 2018.........SUNRISE   615 AM PDT   SUNSET   729 PM PDT


-  INDICATES NEGATIVE NUMBERS.
R  INDICATES RECORD WAS SET OR TIED.
MM INDICATES DATA IS MISSING.
T  INDICATES TRACE AMOUNT.




$$
