000
CDUS41 KPBZ 252112
CLIZZV


CLIMATE REPORT
NATIONAL WEATHER SERVICE PITTSBURGH PA
512 PM EDT FRI MAY 25 2018


...................................

...THE ZANESVILLE OH CLIMATE SUMMARY FOR MAY 25 2018...
VALID TODAY AS OF 0500 PM LOCAL TIME.

CLIMATE NORMAL PERIOD 1981 TO 2010
CLIMATE RECORD PERIOD 1895 TO 2018


WEATHER ITEM   OBSERVED TIME   RECORD YEAR NORMAL DEPARTURE LAST
                VALUE   (LST)  VALUE       VALUE  FROM      YEAR
                                                  NORMAL
..................................................................
TEMPERATURE (F)
 TODAY
  MAXIMUM         86    323 PM  92    1939  75     11       64
  MINIMUM         54    450 AM  31    2013  52      2       59
                                      1925
  AVERAGE         70                        63      7       62

PRECIPITATION (IN)
  TODAY            0.00          1.22 1947   0.14  -0.14     0.64
  MONTH TO DATE    3.00                      3.33  -0.33     3.78
  SINCE JUN 1     42.27                     37.00   5.27    35.93
  SINCE JAN 1     19.41                     14.60   4.81    17.31

DEGREE DAYS
 HEATING
  TODAY            0                         4     -4        3
  MONTH TO DATE   17                       161   -144      142
  SINCE MAR 1   1410                      1327     83     1075
  SINCE JUL 1   5359                      5518   -159     4427

 COOLING
  TODAY            5                         2      3        0
  MONTH TO DATE  105                        30     75       32
  SINCE MAR 1    115                        39     76       63
  SINCE JAN 1    120                        39     81       64
..................................................................


WIND (MPH)
  HIGHEST WIND SPEED    13   HIGHEST WIND DIRECTION     W (250)
  HIGHEST GUST SPEED    18   HIGHEST GUST DIRECTION     W (250)
  AVERAGE WIND SPEED     2.9


SKY COVER
  POSSIBLE SUNSHINE  MM
  AVERAGE SKY COVER 0.0


WEATHER CONDITIONS
 THE FOLLOWING WEATHER WAS RECORDED TODAY.
  NO SIGNIFICANT WEATHER WAS OBSERVED.


RELATIVE HUMIDITY (PERCENT)
 HIGHEST    93           100 AM
 LOWEST     43           200 PM
 AVERAGE    68

..........................................................


THE ZANESVILLE OH CLIMATE NORMALS FOR TOMORROW
                         NORMAL    RECORD    YEAR
 MAXIMUM TEMPERATURE (F)   75        92      1939
                                             1911
 MINIMUM TEMPERATURE (F)   52        34      2013
                                             1897


SUNRISE AND SUNSET
MAY 25 2018...........SUNRISE   605 AM EDT   SUNSET   845 PM EDT
MAY 26 2018...........SUNRISE   604 AM EDT   SUNSET   846 PM EDT


-  INDICATES NEGATIVE NUMBERS.
R  INDICATES RECORD WAS SET OR TIED.
MM INDICATES DATA IS MISSING.
T  INDICATES TRACE AMOUNT.




$$
